{"id":10478,"date":"2025-12-18T15:53:01","date_gmt":"2025-12-18T13:53:01","guid":{"rendered":"https:\/\/puuhamari.fi\/?post_type=product&#038;p=10478"},"modified":"2026-01-07T18:25:57","modified_gmt":"2026-01-07T16:25:57","slug":"valokuvakehykset-14x19-cm","status":"publish","type":"product","link":"https:\/\/puuhamari.fi\/?product=valokuvakehykset-14x19-cm","title":{"rendered":"Valokuvakehykset 14&#215;19 cm"},"content":{"rendered":"","protected":false},"excerpt":{"rendered":"<p><span style=\"text-decoration: underline;\">Valokuvakehys #9, Syd\u00e4n:<\/span><br \/>\n\u2022 korkeus 19 cm<br \/>\n\u2022 leveys 14 cm<br \/>\n\u2022 paksuus 1 cm<br \/>\n\u2022 kuva-aukko n. 10&#215;10 cm<br \/>\n\u2022 taustassa p\u00f6yt\u00e4tuki<\/p>\n<p><span style=\"text-decoration: underline;\">Valokuvakehys #10, PuuhaMari:<\/span><br \/>\n\u2022 korkeus 19 cm<br \/>\n\u2022 leveys 14 cm<br \/>\n\u2022 paksuus 1 cm<br \/>\n\u2022 kuva-aukko n. 9&#215;14 cm<br \/>\n\u2022 taustassa valmiina ainoastaan sein\u00e4\u00e4nripustus pystyasennossa<\/p>\n<p><span style=\"text-decoration: underline;\">Valokuvakehys #11, Gandhi:<\/span><br \/>\n\u2022 korkeus 20 cm<br \/>\n\u2022 leveys 15 cm<br \/>\n\u2022 paksuus 1 cm<br \/>\n\u2022 kuva-aukko n. 9&#215;14 cm<br \/>\n\u2022 taustassa p\u00f6yt\u00e4tuki, joka mahdollistaa k\u00e4yt\u00f6n joko pysty- tai vaaka-asennossa<\/p>\n","protected":false},"author":1,"featured_media":10482,"comment_status":"open","ping_status":"closed","template":"","meta":{"advgb_blocks_editor_width":"","advgb_blocks_columns_visual_guide":"","advanced_seo_description":"","jetpack_seo_html_title":"","jetpack_seo_noindex":false,"_kad_post_transparent":"default","_kad_post_title":"","_kad_post_layout":"default","_kad_post_sidebar_id":"","_kad_post_content_style":"default","_kad_post_vertical_padding":"default","_kad_post_feature":"","_kad_post_feature_position":"","_kad_post_header":false,"_kad_post_footer":false,"_kad_post_classname":"","jetpack_post_was_ever_published":true},"product_brand":[],"product_cat":[1444],"product_tag":[1451,1473,1453,963,1238],"class_list":{"0":"post-10478","1":"product","2":"type-product","3":"status-publish","4":"has-post-thumbnail","6":"product_cat-puuhavierailija-hannahuuhaa","7":"product_tag-farkku","8":"product_tag-farkkukehys","9":"product_tag-hannahuuhaa","10":"product_tag-kehys","11":"product_tag-valokuvakehys","13":"first","14":"instock","15":"taxable","16":"shipping-taxable","17":"purchasable","18":"product-type-variable","19":"entry","20":"content-bg","21":"loop-entry"},"featured_img":"https:\/\/puuhamari.fi\/wp-content\/uploads\/2025\/12\/Kehykset-S-e1766068855457.png","coauthors":[],"author_meta":{"author_link":"https:\/\/puuhamari.fi\/?author=1","display_name":"PuuhaMari"},"relative_dates":{"created":"Julkaistu 4 kuukautta sitten","modified":"P\u00e4ivitetty 3 kuukautta sitten"},"absolute_dates":{"created":"Julkaistu 18 joulukuun, 2025","modified":"P\u00e4ivitetty 7 tammikuun, 2026"},"absolute_dates_time":{"created":"Julkaistu 18 joulukuun, 2025 3:53 pm","modified":"P\u00e4ivitetty 7 tammikuun, 2026 6:25 pm"},"featured_img_caption":"","tax_additional":{"product_brand":{"linked":[],"unlinked":[],"slug":"product_brand","name":"Br\u00e4ndit"},"product_type":{"linked":["<a href=\"https:\/\/puuhamari.fi\/?taxonomy=product_type&#038;term=variable\" class=\"advgb-post-tax-term\">variable<\/a>"],"unlinked":["<span class=\"advgb-post-tax-term\">variable<\/span>"],"slug":"product_type","name":"Tuotetyyppi"},"product_visibility":{"linked":[],"unlinked":[],"slug":"product_visibility","name":"Tuotteen n\u00e4kyvyys"},"product_cat":{"linked":["<a href=\"https:\/\/puuhamari.fi\/?product_cat=puuhavierailija-hannahuuhaa\" class=\"advgb-post-tax-term\">PuuhaVierailija: Hannahuuhaa<\/a>"],"unlinked":["<span class=\"advgb-post-tax-term\">PuuhaVierailija: Hannahuuhaa<\/span>"],"slug":"product_cat","name":"Osastot"},"product_tag":{"linked":["<a href=\"https:\/\/puuhamari.fi\/?product_tag=farkku\" class=\"advgb-post-tax-term\">Farkku<\/a>","<a href=\"https:\/\/puuhamari.fi\/?product_tag=farkkukehys\" class=\"advgb-post-tax-term\">Farkkukehys<\/a>","<a href=\"https:\/\/puuhamari.fi\/?product_tag=hannahuuhaa\" class=\"advgb-post-tax-term\">Hannahuuhaa<\/a>","<a href=\"https:\/\/puuhamari.fi\/?product_tag=kehys\" class=\"advgb-post-tax-term\">kehys<\/a>","<a href=\"https:\/\/puuhamari.fi\/?product_tag=valokuvakehys\" class=\"advgb-post-tax-term\">valokuvakehys<\/a>"],"unlinked":["<span class=\"advgb-post-tax-term\">Farkku<\/span>","<span class=\"advgb-post-tax-term\">Farkkukehys<\/span>","<span class=\"advgb-post-tax-term\">Hannahuuhaa<\/span>","<span class=\"advgb-post-tax-term\">kehys<\/span>","<span class=\"advgb-post-tax-term\">valokuvakehys<\/span>"],"slug":"product_tag","name":"Avainsanat tuotteelle"},"product_shipping_class":{"linked":[],"unlinked":[],"slug":"product_shipping_class","name":"Tuotteen toimitusluokat"},"pos_product_visibility":{"linked":[],"unlinked":[],"slug":"pos_product_visibility","name":"POS Product visibility"},"pa_arkin-koko":{"linked":[],"unlinked":[],"slug":"pa_arkin-koko","name":"Tuote Arkin koko"},"pa_hiomatyynyn-karkeus":{"linked":[],"unlinked":[],"slug":"pa_hiomatyynyn-karkeus","name":"Tuote Hiomatyynyn karkeus"},"pa_kehys":{"linked":["<a href=\"https:\/\/puuhamari.fi\/?taxonomy=pa_kehys&#038;term=kehys-10\" class=\"advgb-post-tax-term\">Kehys 10<\/a>","<a href=\"https:\/\/puuhamari.fi\/?taxonomy=pa_kehys&#038;term=kehys-11\" class=\"advgb-post-tax-term\">Kehys 11<\/a>","<a href=\"https:\/\/puuhamari.fi\/?taxonomy=pa_kehys&#038;term=kehys-9\" class=\"advgb-post-tax-term\">Kehys 9<\/a>"],"unlinked":["<span class=\"advgb-post-tax-term\">Kehys 10<\/span>","<span class=\"advgb-post-tax-term\">Kehys 11<\/span>","<span class=\"advgb-post-tax-term\">Kehys 9<\/span>"],"slug":"pa_kehys","name":"Tuote Kehys"},"pa_kuvion-nro":{"linked":[],"unlinked":[],"slug":"pa_kuvion-nro","name":"Tuote Kuvion nro"},"pa_littean-pensselin-koko":{"linked":[],"unlinked":[],"slug":"pa_littean-pensselin-koko","name":"Tuote Litte\u00e4n pensselin koko"},"pa_maalivari":{"linked":[],"unlinked":[],"slug":"pa_maalivari","name":"Tuote Maaliv\u00e4ri"},"pa_palatapettien-lkm":{"linked":[],"unlinked":[],"slug":"pa_palatapettien-lkm","name":"Tuote Palatapettien lkm"},"pa_purkin-koko":{"linked":[],"unlinked":[],"slug":"pa_purkin-koko","name":"Tuote Purkin koko"},"pa_sapluunan-koko":{"linked":[],"unlinked":[],"slug":"pa_sapluunan-koko","name":"Tuote Sapluunan koko"},"pa_tabletti":{"linked":[],"unlinked":[],"slug":"pa_tabletti","name":"Tuote Tabletti"},"pa_valitse-sisalto":{"linked":[],"unlinked":[],"slug":"pa_valitse-sisalto","name":"Tuote Valitse sis\u00e4lt\u00f6"},"pa_varjostin":{"linked":[],"unlinked":[],"slug":"pa_varjostin","name":"Tuote Varjostin"}},"series_order":"","jetpack_sharing_enabled":true,"jetpack_likes_enabled":true,"jetpack-related-posts":[{"id":10486,"url":"https:\/\/puuhamari.fi\/?product=valokuvakehykset-30x35-cm","url_meta":{"origin":10478,"position":0},"title":"Valokuvakehykset 30&#215;35 cm","author":"PuuhaMari","date":"18 joulukuun, 2025","format":false,"excerpt":"Kaksi tosi n\u00e4ytt\u00e4v\u00e4\u00e4 ja ulkomitoiltaan isompaa valokuvakehyst\u00e4, jotka sopivat erityisen kauniisti my\u00f6s pariksi samalle sein\u00e4lle tai samaan huoneeseen. Mitoitukseltaan ne ovat t\u00e4ysin identtiset, mutta eroavat toisistaan farkkupalojensa \"v\u00e4rij\u00e4rjestyksiss\u00e4.\" \u2022 korkeudet 35 cm \u2022 leveydet 30 cm \u2022 paksuudet 2 cm \u2022 kuva-aukot n. 12x17 cm \u2022 taustassa molemmilla sein\u00e4ripustukset sek\u00e4\u2026","rel":"","context":"Samankaltainen artikkeli","block_context":{"text":"Samankaltainen artikkeli","link":""},"img":{"alt_text":"","src":"https:\/\/i0.wp.com\/puuhamari.fi\/wp-content\/uploads\/2025\/12\/Kehykset-M.jpg?fit=1199%2C1200&ssl=1&resize=350%2C200","width":350,"height":200,"srcset":"https:\/\/i0.wp.com\/puuhamari.fi\/wp-content\/uploads\/2025\/12\/Kehykset-M.jpg?fit=1199%2C1200&ssl=1&resize=350%2C200 1x, https:\/\/i0.wp.com\/puuhamari.fi\/wp-content\/uploads\/2025\/12\/Kehykset-M.jpg?fit=1199%2C1200&ssl=1&resize=525%2C300 1.5x, https:\/\/i0.wp.com\/puuhamari.fi\/wp-content\/uploads\/2025\/12\/Kehykset-M.jpg?fit=1199%2C1200&ssl=1&resize=700%2C400 2x, https:\/\/i0.wp.com\/puuhamari.fi\/wp-content\/uploads\/2025\/12\/Kehykset-M.jpg?fit=1199%2C1200&ssl=1&resize=1050%2C600 3x"},"classes":[]},{"id":9128,"url":"https:\/\/puuhamari.fi\/?product=kehys-uusi","url_meta":{"origin":10478,"position":1},"title":"Kehys &#8211; uusi","author":"PuuhaMari","date":"24 lokakuun, 2024","format":false,"excerpt":"M\u00e4ntypuinen kehys (sis. lasin) valokuvalle, lapsenlapsen piirrokselle, el\u00e4m\u00e4nmotolle, tai manifestoimallesi asialle juuri nyt... V\u00e4rimaailma ja tyyli t.\u00e4.y.s.i.n. tuunaajan vallassa. Muista, ett\u00e4 koristelutarpeita varten k\u00e4ytett\u00e4viss\u00e4si ovat my\u00f6s PuuhaMarin verkkiksen upeat\u00a0palatapetit ja DieCuts:it. Kehyksen koko:\u00a0 21 cm x 16 cm Kuva-aukon koko: n. 16,5 x 11,5 cm Kehyksen paksuus: 1 cm","rel":"","context":"Samankaltainen artikkeli","block_context":{"text":"Samankaltainen artikkeli","link":""},"img":{"alt_text":"","src":"https:\/\/i0.wp.com\/puuhamari.fi\/wp-content\/uploads\/2024\/10\/Picture-Frame_b.png?fit=1200%2C1200&ssl=1&resize=350%2C200","width":350,"height":200,"srcset":"https:\/\/i0.wp.com\/puuhamari.fi\/wp-content\/uploads\/2024\/10\/Picture-Frame_b.png?fit=1200%2C1200&ssl=1&resize=350%2C200 1x, https:\/\/i0.wp.com\/puuhamari.fi\/wp-content\/uploads\/2024\/10\/Picture-Frame_b.png?fit=1200%2C1200&ssl=1&resize=525%2C300 1.5x, https:\/\/i0.wp.com\/puuhamari.fi\/wp-content\/uploads\/2024\/10\/Picture-Frame_b.png?fit=1200%2C1200&ssl=1&resize=700%2C400 2x, https:\/\/i0.wp.com\/puuhamari.fi\/wp-content\/uploads\/2024\/10\/Picture-Frame_b.png?fit=1200%2C1200&ssl=1&resize=1050%2C600 3x"},"classes":[]},{"id":5402,"url":"https:\/\/puuhamari.fi\/?product=siirtokuva-sweet-dreams","url_meta":{"origin":10478,"position":2},"title":"Siirtokuva Sweet Dreams","author":"PuuhaMari","date":"29 maaliskuun, 2023","format":false,"excerpt":"Maailman ihanin LAHJA lapsenlapsen huoneeseen! N\u00e4m\u00e4 isohkot, suloiset hahmot sopivat vaikka lastenhuoneen (tai p\u00e4iv\u00e4kodin!) oveen\/sein\u00e4lle, kalusteisiin, itse tehtyihin tauluihin, vauvan hoitolaukkuun... Pakkauksessa kaksi 89 cm x 30 cm kokoista kalvoa, joissa yhteens\u00e4 huikeat 35 pient\u00e4 ja suurta siirtokuvaa (joita voi saksilla leikata my\u00f6s pienemmiksi). Mittaesimerkkej\u00e4: Harmaan pilven leveys 16,5 cm\u2026","rel":"","context":"Samankaltainen artikkeli","block_context":{"text":"Samankaltainen artikkeli","link":""},"img":{"alt_text":"","src":"https:\/\/i0.wp.com\/puuhamari.fi\/wp-content\/uploads\/2023\/03\/Sweet-Dreams-AAAb.png?fit=905%2C913&ssl=1&resize=350%2C200","width":350,"height":200,"srcset":"https:\/\/i0.wp.com\/puuhamari.fi\/wp-content\/uploads\/2023\/03\/Sweet-Dreams-AAAb.png?fit=905%2C913&ssl=1&resize=350%2C200 1x, https:\/\/i0.wp.com\/puuhamari.fi\/wp-content\/uploads\/2023\/03\/Sweet-Dreams-AAAb.png?fit=905%2C913&ssl=1&resize=525%2C300 1.5x, https:\/\/i0.wp.com\/puuhamari.fi\/wp-content\/uploads\/2023\/03\/Sweet-Dreams-AAAb.png?fit=905%2C913&ssl=1&resize=700%2C400 2x"},"classes":[]},{"id":4797,"url":"https:\/\/puuhamari.fi\/?product=ecobrush-brushkeeper-14","url_meta":{"origin":10478,"position":3},"title":"EcoBrush &#038; BrushKeeper 14","author":"PuuhaMari","date":"14 syyskuun, 2022","format":false,"excerpt":"UPEA KEKSINT\u00d6: pensselit pesev\u00e4t itse itsens\u00e4! Kierr\u00e4tett\u00e4vist\u00e4 materiaaleista valmistettu pensseli ja pidike. Sopivat sek\u00e4 vesiohenteisille, ett\u00e4 \u00f6ljymaaleille. Ly\u00f6m\u00e4t\u00f6n lahja maalarille\/tuunaajaalle!!! Lyhyen maalaustauon ajaksi voit laittaa pensselin pidikkeeseen, ja se pysyy ilmatiiviiss\u00e4 tilassa \"tuoreena\". Jos taas on aika l\u00e4hte\u00e4 lounaalle, t\u00f6ist\u00e4 kotiin, tai projektisi tuli valmiiksi: laita pidikkeeseen vett\u00e4 merkkiviivaan asti,\u2026","rel":"","context":"Samankaltainen artikkeli","block_context":{"text":"Samankaltainen artikkeli","link":""},"img":{"alt_text":"","src":"https:\/\/i0.wp.com\/puuhamari.fi\/wp-content\/uploads\/2022\/09\/brushkeeper-14-1-brushkeeper-deluxe-ecobrush-10.png?fit=1000%2C1000&ssl=1&resize=350%2C200","width":350,"height":200,"srcset":"https:\/\/i0.wp.com\/puuhamari.fi\/wp-content\/uploads\/2022\/09\/brushkeeper-14-1-brushkeeper-deluxe-ecobrush-10.png?fit=1000%2C1000&ssl=1&resize=350%2C200 1x, https:\/\/i0.wp.com\/puuhamari.fi\/wp-content\/uploads\/2022\/09\/brushkeeper-14-1-brushkeeper-deluxe-ecobrush-10.png?fit=1000%2C1000&ssl=1&resize=525%2C300 1.5x, https:\/\/i0.wp.com\/puuhamari.fi\/wp-content\/uploads\/2022\/09\/brushkeeper-14-1-brushkeeper-deluxe-ecobrush-10.png?fit=1000%2C1000&ssl=1&resize=700%2C400 2x"},"classes":[]},{"id":10474,"url":"https:\/\/puuhamari.fi\/?product=poytalamppu-farkkuvarjostin","url_meta":{"origin":10478,"position":4},"title":"P\u00f6yt\u00e4lamppu &#038; farkkuvarjostin","author":"PuuhaMari","date":"18 joulukuun, 2025","format":false,"excerpt":"Eritt\u00e4in kaunismuotoinen p\u00f6yt\u00e4lamppu ja farkkuvarjostin. Sis\u00e4k\u00e4ytt\u00f6\u00f6n. Lampunjalan vaalean osan korkeus on 22 cm, ja siin\u00e4 on valkoinen, n. 90 cm pitk\u00e4, kytkimell\u00e4 varustettu johto. T\u00e4m\u00e4n varjostimen kanssa kokonaiskorkeus on n. 38 cm. Pelk\u00e4n varjostimen mitat: yl\u00e4osan halkaisija on 155 mm (15,5 cm), alaosan 205 mm (20,5 cm), ja korkeus 14\u2026","rel":"","context":"Samankaltainen artikkeli","block_context":{"text":"Samankaltainen artikkeli","link":""},"img":{"alt_text":"","src":"https:\/\/i0.wp.com\/puuhamari.fi\/wp-content\/uploads\/2025\/12\/Lamppu-ja-jalka.jpg?fit=1199%2C1200&ssl=1&resize=350%2C200","width":350,"height":200,"srcset":"https:\/\/i0.wp.com\/puuhamari.fi\/wp-content\/uploads\/2025\/12\/Lamppu-ja-jalka.jpg?fit=1199%2C1200&ssl=1&resize=350%2C200 1x, https:\/\/i0.wp.com\/puuhamari.fi\/wp-content\/uploads\/2025\/12\/Lamppu-ja-jalka.jpg?fit=1199%2C1200&ssl=1&resize=525%2C300 1.5x, https:\/\/i0.wp.com\/puuhamari.fi\/wp-content\/uploads\/2025\/12\/Lamppu-ja-jalka.jpg?fit=1199%2C1200&ssl=1&resize=700%2C400 2x, https:\/\/i0.wp.com\/puuhamari.fi\/wp-content\/uploads\/2025\/12\/Lamppu-ja-jalka.jpg?fit=1199%2C1200&ssl=1&resize=1050%2C600 3x"},"classes":[]},{"id":4804,"url":"https:\/\/puuhamari.fi\/?product=ecobrush-brushkeeper-10","url_meta":{"origin":10478,"position":5},"title":"EcoBrush &#038; BrushKeeper 10","author":"PuuhaMari","date":"14 syyskuun, 2022","format":false,"excerpt":"UPEA KEKSINT\u00d6: pensselit pesev\u00e4t itse itsens\u00e4! Kierr\u00e4tett\u00e4vist\u00e4 materiaaleista valmistettu pensseli ja pidike. Sopivat sek\u00e4 vesiohenteisille, ett\u00e4 \u00f6ljymaaleille. Ly\u00f6m\u00e4t\u00f6n lahja maalarille\/tuunaajaalle!!! Lyhyen maalaustauon ajaksi voit laittaa pensselin pidikkeeseen, ja se pysyy ilmatiiviiss\u00e4 tilassa \"tuoreena\". Jos taas on aika l\u00e4hte\u00e4 lounaalle, t\u00f6ist\u00e4 kotiin, tai projektisi tuli valmiiksi: laita pidikkeeseen vett\u00e4 merkkiviivaan asti,\u2026","rel":"","context":"With 1 comment","block_context":{"text":"With 1 comment","link":"https:\/\/puuhamari.fi\/?product=ecobrush-brushkeeper-10#comments"},"img":{"alt_text":"","src":"https:\/\/i0.wp.com\/puuhamari.fi\/wp-content\/uploads\/2022\/09\/brushkeeper-10-1-brushkeeper-deluxe-ecobrush-10.png?fit=1000%2C1000&ssl=1&resize=350%2C200","width":350,"height":200,"srcset":"https:\/\/i0.wp.com\/puuhamari.fi\/wp-content\/uploads\/2022\/09\/brushkeeper-10-1-brushkeeper-deluxe-ecobrush-10.png?fit=1000%2C1000&ssl=1&resize=350%2C200 1x, https:\/\/i0.wp.com\/puuhamari.fi\/wp-content\/uploads\/2022\/09\/brushkeeper-10-1-brushkeeper-deluxe-ecobrush-10.png?fit=1000%2C1000&ssl=1&resize=525%2C300 1.5x, https:\/\/i0.wp.com\/puuhamari.fi\/wp-content\/uploads\/2022\/09\/brushkeeper-10-1-brushkeeper-deluxe-ecobrush-10.png?fit=1000%2C1000&ssl=1&resize=700%2C400 2x"},"classes":[]}],"_links":{"self":[{"href":"https:\/\/puuhamari.fi\/index.php?rest_route=\/wp\/v2\/product\/10478","targetHints":{"allow":["GET"]}}],"collection":[{"href":"https:\/\/puuhamari.fi\/index.php?rest_route=\/wp\/v2\/product"}],"about":[{"href":"https:\/\/puuhamari.fi\/index.php?rest_route=\/wp\/v2\/types\/product"}],"replies":[{"embeddable":true,"href":"https:\/\/puuhamari.fi\/index.php?rest_route=%2Fwp%2Fv2%2Fcomments&post=10478"}],"version-history":[{"count":3,"href":"https:\/\/puuhamari.fi\/index.php?rest_route=\/wp\/v2\/product\/10478\/revisions"}],"predecessor-version":[{"id":10485,"href":"https:\/\/puuhamari.fi\/index.php?rest_route=\/wp\/v2\/product\/10478\/revisions\/10485"}],"wp:featuredmedia":[{"embeddable":true,"href":"https:\/\/puuhamari.fi\/index.php?rest_route=\/wp\/v2\/media\/10482"}],"wp:attachment":[{"href":"https:\/\/puuhamari.fi\/index.php?rest_route=%2Fwp%2Fv2%2Fmedia&parent=10478"}],"wp:term":[{"taxonomy":"product_brand","embeddable":true,"href":"https:\/\/puuhamari.fi\/index.php?rest_route=%2Fwp%2Fv2%2Fproduct_brand&post=10478"},{"taxonomy":"product_cat","embeddable":true,"href":"https:\/\/puuhamari.fi\/index.php?rest_route=%2Fwp%2Fv2%2Fproduct_cat&post=10478"},{"taxonomy":"product_tag","embeddable":true,"href":"https:\/\/puuhamari.fi\/index.php?rest_route=%2Fwp%2Fv2%2Fproduct_tag&post=10478"}],"curies":[{"name":"wp","href":"https:\/\/api.w.org\/{rel}","templated":true}]}}