{"id":2452,"date":"2022-02-21T13:16:15","date_gmt":"2022-02-21T13:16:15","guid":{"rendered":"https:\/\/puuhatarhanputiikki.fi\/?post_type=product&#038;p=2452"},"modified":"2026-03-15T07:31:08","modified_gmt":"2026-03-15T05:31:08","slug":"bayberry","status":"publish","type":"product","link":"https:\/\/puuhamari.fi\/?product=bayberry","title":{"rendered":"Bayberry"},"content":{"rendered":"<p>Fusion\u2122 maalien kuvaus: <a href=\"https:\/\/puuhamari.fi\/?p=5842\" target=\"_blank\" rel=\"noopener\">lue t\u00e4\u00e4lt\u00e4.<\/a><\/p>\n","protected":false},"excerpt":{"rendered":"<p>Suomalaisten suosikki: syv\u00e4 oliivinvihre\u00e4 s\u00e4vy, joka PuuhaMarin mielest\u00e4 sis\u00e4lt\u00e4\u00e4 my\u00f6s annoksen kellert\u00e4vyytt\u00e4, ja joka sykkii vintagea joka hengenvedollaan.\u00a0 Tyrm\u00e4\u00e4v\u00e4n upea yksin\u00e4\u00e4n, mutta sopeutuu helposti my\u00f6s monien muiden v\u00e4rien kumppaniksi.<\/p>\n","protected":false},"author":1,"featured_media":2510,"comment_status":"open","ping_status":"closed","template":"","meta":{"advgb_blocks_editor_width":"","advgb_blocks_columns_visual_guide":"","advanced_seo_description":"","jetpack_seo_html_title":"","jetpack_seo_noindex":false,"_kad_post_transparent":"default","_kad_post_title":"","_kad_post_layout":"default","_kad_post_sidebar_id":"","_kad_post_content_style":"default","_kad_post_vertical_padding":"default","_kad_post_feature":"","_kad_post_feature_position":"","_kad_post_header":false,"_kad_post_footer":false,"_kad_post_classname":"","jetpack_post_was_ever_published":false},"product_brand":[],"product_cat":[309],"product_tag":[],"class_list":{"0":"post-2452","1":"product","2":"type-product","3":"status-publish","4":"has-post-thumbnail","6":"product_cat-fusion-mineraalimaalit","8":"first","9":"instock","10":"taxable","11":"shipping-taxable","12":"purchasable","13":"product-type-variable","14":"entry","15":"content-bg","16":"loop-entry"},"featured_img":"https:\/\/puuhamari.fi\/wp-content\/uploads\/2022\/02\/IMG_20220224_060602.jpg","coauthors":[],"author_meta":{"author_link":"https:\/\/puuhamari.fi\/?author=1","display_name":"PuuhaMari"},"relative_dates":{"created":"Julkaistu 4 vuotta sitten","modified":"P\u00e4ivitetty 1 kuukausi sitten"},"absolute_dates":{"created":"Julkaistu 21 helmikuun, 2022","modified":"P\u00e4ivitetty 15 maaliskuun, 2026"},"absolute_dates_time":{"created":"Julkaistu 21 helmikuun, 2022 1:16 pm","modified":"P\u00e4ivitetty 15 maaliskuun, 2026 7:31 am"},"featured_img_caption":"","tax_additional":{"product_brand":{"linked":[],"unlinked":[],"slug":"product_brand","name":"Br\u00e4ndit"},"product_type":{"linked":["<a href=\"https:\/\/puuhamari.fi\/?taxonomy=product_type&#038;term=variable\" class=\"advgb-post-tax-term\">variable<\/a>"],"unlinked":["<span class=\"advgb-post-tax-term\">variable<\/span>"],"slug":"product_type","name":"Tuotetyyppi"},"product_visibility":{"linked":["<a href=\"https:\/\/puuhamari.fi\/?taxonomy=product_visibility&#038;term=rated-5\" class=\"advgb-post-tax-term\">rated-5<\/a>"],"unlinked":["<span class=\"advgb-post-tax-term\">rated-5<\/span>"],"slug":"product_visibility","name":"Tuotteen n\u00e4kyvyys"},"product_cat":{"linked":["<a href=\"https:\/\/puuhamari.fi\/?product_cat=fusion-mineraalimaalit\" class=\"advgb-post-tax-term\">Fusion mineraalimaalit<\/a>"],"unlinked":["<span class=\"advgb-post-tax-term\">Fusion mineraalimaalit<\/span>"],"slug":"product_cat","name":"Osastot"},"product_tag":{"linked":[],"unlinked":[],"slug":"product_tag","name":"Avainsanat tuotteelle"},"product_shipping_class":{"linked":[],"unlinked":[],"slug":"product_shipping_class","name":"Tuotteen toimitusluokat"},"pos_product_visibility":{"linked":[],"unlinked":[],"slug":"pos_product_visibility","name":"POS Product visibility"},"pa_arkin-koko":{"linked":[],"unlinked":[],"slug":"pa_arkin-koko","name":"Tuote Arkin koko"},"pa_hiomatyynyn-karkeus":{"linked":[],"unlinked":[],"slug":"pa_hiomatyynyn-karkeus","name":"Tuote Hiomatyynyn karkeus"},"pa_kehys":{"linked":[],"unlinked":[],"slug":"pa_kehys","name":"Tuote Kehys"},"pa_kuvion-nro":{"linked":[],"unlinked":[],"slug":"pa_kuvion-nro","name":"Tuote Kuvion nro"},"pa_littean-pensselin-koko":{"linked":[],"unlinked":[],"slug":"pa_littean-pensselin-koko","name":"Tuote Litte\u00e4n pensselin koko"},"pa_maalivari":{"linked":[],"unlinked":[],"slug":"pa_maalivari","name":"Tuote Maaliv\u00e4ri"},"pa_palatapettien-lkm":{"linked":[],"unlinked":[],"slug":"pa_palatapettien-lkm","name":"Tuote Palatapettien lkm"},"pa_purkin-koko":{"linked":["<a href=\"https:\/\/puuhamari.fi\/?taxonomy=pa_purkin-koko&#038;term=37-ml\" class=\"advgb-post-tax-term\">37 ml<\/a>","<a href=\"https:\/\/puuhamari.fi\/?taxonomy=pa_purkin-koko&#038;term=500-ml\" class=\"advgb-post-tax-term\">500 ml<\/a>"],"unlinked":["<span class=\"advgb-post-tax-term\">37 ml<\/span>","<span class=\"advgb-post-tax-term\">500 ml<\/span>"],"slug":"pa_purkin-koko","name":"Tuote Purkin koko"},"pa_sapluunan-koko":{"linked":[],"unlinked":[],"slug":"pa_sapluunan-koko","name":"Tuote Sapluunan koko"},"pa_tabletti":{"linked":[],"unlinked":[],"slug":"pa_tabletti","name":"Tuote Tabletti"},"pa_valitse-sisalto":{"linked":[],"unlinked":[],"slug":"pa_valitse-sisalto","name":"Tuote Valitse sis\u00e4lt\u00f6"},"pa_varjostin":{"linked":[],"unlinked":[],"slug":"pa_varjostin","name":"Tuote Varjostin"}},"series_order":"","jetpack_sharing_enabled":true,"jetpack_likes_enabled":true,"jetpack-related-posts":[{"id":6384,"url":"https:\/\/puuhamari.fi\/?product=orb-viimeistely-ja-kuviointi-100-mm","url_meta":{"origin":2452,"position":0},"title":"ORB &#8211; Viimeistely ja kuviointi 100 mm","author":"PuuhaMari","date":"1 hein\u00e4kuun, 2023","format":false,"excerpt":"Uutuus PuuhaMarin valikoimassa: Hollannissa k\u00e4sity\u00f6n\u00e4 valmistettu ohut, leve\u00e4 ja litte\u00e4 pensseli synteettisill\u00e4, pehmeill\u00e4\u00a0 harjaksilla. Nopeaan ty\u00f6skentelyyn isohkoilla pinnoilla Telalla maalaamisen viimeistelyyn Erilaisiin (kuviointi-) tekniikoihin, esim. kuivaharjaus, glaseeraus, h\u00e4ivytykset jne... Viimeistelyaineiden ohueen levitykseen (my\u00f6s sellakka) Litte\u00e4 ja ohut harjasosa tekee tarkaa j\u00e4lke\u00e4 my\u00f6s reunoissa","rel":"","context":"Samankaltainen artikkeli","block_context":{"text":"Samankaltainen artikkeli","link":""},"img":{"alt_text":"","src":"https:\/\/i0.wp.com\/puuhamari.fi\/wp-content\/uploads\/2023\/07\/Viimeistely-ja-kuviointi-100-mm-1b.jpg?fit=917%2C917&ssl=1&resize=350%2C200","width":350,"height":200,"srcset":"https:\/\/i0.wp.com\/puuhamari.fi\/wp-content\/uploads\/2023\/07\/Viimeistely-ja-kuviointi-100-mm-1b.jpg?fit=917%2C917&ssl=1&resize=350%2C200 1x, https:\/\/i0.wp.com\/puuhamari.fi\/wp-content\/uploads\/2023\/07\/Viimeistely-ja-kuviointi-100-mm-1b.jpg?fit=917%2C917&ssl=1&resize=525%2C300 1.5x, https:\/\/i0.wp.com\/puuhamari.fi\/wp-content\/uploads\/2023\/07\/Viimeistely-ja-kuviointi-100-mm-1b.jpg?fit=917%2C917&ssl=1&resize=700%2C400 2x"},"classes":[]},{"id":7813,"url":"https:\/\/puuhamari.fi\/?product=cafe-tile-esiliisteroity-palatapetti-paketti","url_meta":{"origin":2452,"position":1},"title":"&#8220;Cafe Tile&#8221; esiliister\u00f6ity palatapetti (paketti)","author":"PuuhaMari","date":"1 maaliskuun, 2024","format":false,"excerpt":"\"Kahvilakaakeli\" tuo keski-Eurooppalaisia kaikuja keitti\u00f6kaappiesi v\u00e4litilaan (kyll\u00e4 kest\u00e4\u00e4!) tai seinille. Toimii hyvin my\u00f6s kylpyhuoneen\/wc:n seinill\u00e4. Mutta sen eritt\u00e4in kauniit, murretut v\u00e4ris\u00e4vyt\u00a0 yhdistyv\u00e4t my\u00f6s huonekaluja tuunatessa ihan huikean kauniisti esim. Fusion\u00ad\u00ad\u2122 mineraalimaalien moniin s\u00e4vyihin, kuten vihre\u00e4t Eucalyptus ja Lichen, tai tummansiniset Chestler ja Willowbank! Cafe Tile on toinen PuuhaMarilta l\u00f6ytyvist\u00e4 saksalaissyntyisen\u2026","rel":"","context":"Samankaltainen artikkeli","block_context":{"text":"Samankaltainen artikkeli","link":""},"img":{"alt_text":"","src":"https:\/\/i0.wp.com\/puuhamari.fi\/wp-content\/uploads\/2024\/03\/Cafe-Tile-Filasophie-2b.png?fit=791%2C791&ssl=1&resize=350%2C200","width":350,"height":200,"srcset":"https:\/\/i0.wp.com\/puuhamari.fi\/wp-content\/uploads\/2024\/03\/Cafe-Tile-Filasophie-2b.png?fit=791%2C791&ssl=1&resize=350%2C200 1x, https:\/\/i0.wp.com\/puuhamari.fi\/wp-content\/uploads\/2024\/03\/Cafe-Tile-Filasophie-2b.png?fit=791%2C791&ssl=1&resize=525%2C300 1.5x, https:\/\/i0.wp.com\/puuhamari.fi\/wp-content\/uploads\/2024\/03\/Cafe-Tile-Filasophie-2b.png?fit=791%2C791&ssl=1&resize=700%2C400 2x"},"classes":[]},{"id":8994,"url":"https:\/\/puuhamari.fi\/?product=elmwood","url_meta":{"origin":2452,"position":2},"title":"Elmwood","author":"PuuhaMari","date":"2 lokakuun, 2024","format":false,"excerpt":"Nimi tarkoittaa jalavaa. T\u00e4ytel\u00e4inen, tumma neutraali, jonka syv\u00e4 vivahteikkuus perustuu aavistuksen verran harmaalle pohjas\u00e4vylle. Inspiraationa ovat my\u00f6s toimineet kaakaon lohdulliset vivahteet, ja niinp\u00e4 t\u00e4m\u00e4 s\u00e4vy tuokin luokseenkutsuvaa l\u00e4mp\u00f6\u00e4 mihin tahansa huoneeseen. Muihin v\u00e4reihin yhdistett\u00e4ess\u00e4 my\u00f6s Elmwoodin punaiset pohjas\u00e4vyt tulevat mielell\u00e4\u00e4n esiin. Se onkin eritt\u00e4in muuntautumiskykyinen, ja sopeutuu sek\u00e4 moderneihin, ett\u00e4\u2026","rel":"","context":"Samankaltainen artikkeli","block_context":{"text":"Samankaltainen artikkeli","link":""},"img":{"alt_text":"","src":"https:\/\/i0.wp.com\/puuhamari.fi\/wp-content\/uploads\/2024\/10\/T1ELMWOODTEXT-b-scaled.jpg?fit=1200%2C1200&ssl=1&resize=350%2C200","width":350,"height":200,"srcset":"https:\/\/i0.wp.com\/puuhamari.fi\/wp-content\/uploads\/2024\/10\/T1ELMWOODTEXT-b-scaled.jpg?fit=1200%2C1200&ssl=1&resize=350%2C200 1x, https:\/\/i0.wp.com\/puuhamari.fi\/wp-content\/uploads\/2024\/10\/T1ELMWOODTEXT-b-scaled.jpg?fit=1200%2C1200&ssl=1&resize=525%2C300 1.5x, https:\/\/i0.wp.com\/puuhamari.fi\/wp-content\/uploads\/2024\/10\/T1ELMWOODTEXT-b-scaled.jpg?fit=1200%2C1200&ssl=1&resize=700%2C400 2x, https:\/\/i0.wp.com\/puuhamari.fi\/wp-content\/uploads\/2024\/10\/T1ELMWOODTEXT-b-scaled.jpg?fit=1200%2C1200&ssl=1&resize=1050%2C600 3x"},"classes":[]},{"id":3324,"url":"https:\/\/puuhamari.fi\/?product=atrium-botanical-esiliisteroity-palatapetti-paketti","url_meta":{"origin":2452,"position":3},"title":"&#8220;Atrium Botanical&#8221; esiliister\u00f6ity palatapetti (paketti)","author":"PuuhaMari","date":"9 toukokuun, 2022","format":false,"excerpt":"T\u00e4m\u00e4n vintagetapetti on syntynyt PastedPaperin ja Lontoossa sijaitsevan Victoria & Albert Museon yhteisty\u00f6n tuloksena. Alkuper\u00e4inen design on 1700-luvun johtavan suunnittelijan ja kalikokankaiden painajan, William Kilburnin (1745-1818), k\u00e4sialaa. Nyt sinun on mahdollista tehd\u00e4 t\u00e4ll\u00e4 esiliister\u00f6idyll\u00e4 palatapetilla todellisia katseenvangitsijoita kotiisi: tee korostussein\u00e4 keitti\u00f6\u00f6si, tai luo olohuoneeseen tunnelmallinen luku-\/kutomisnurkkaus. T\u00e4ydellinen my\u00f6s kaappien, ovien\u2026","rel":"","context":"With 2 comments","block_context":{"text":"With 2 comments","link":"https:\/\/puuhamari.fi\/?product=atrium-botanical-esiliisteroity-palatapetti-paketti#comments"},"img":{"alt_text":"","src":"https:\/\/i0.wp.com\/puuhamari.fi\/wp-content\/uploads\/2022\/05\/VA-Kilburn-Atrium-Botanical-0-b.jpg?fit=1164%2C1162&ssl=1&resize=350%2C200","width":350,"height":200,"srcset":"https:\/\/i0.wp.com\/puuhamari.fi\/wp-content\/uploads\/2022\/05\/VA-Kilburn-Atrium-Botanical-0-b.jpg?fit=1164%2C1162&ssl=1&resize=350%2C200 1x, https:\/\/i0.wp.com\/puuhamari.fi\/wp-content\/uploads\/2022\/05\/VA-Kilburn-Atrium-Botanical-0-b.jpg?fit=1164%2C1162&ssl=1&resize=525%2C300 1.5x, https:\/\/i0.wp.com\/puuhamari.fi\/wp-content\/uploads\/2022\/05\/VA-Kilburn-Atrium-Botanical-0-b.jpg?fit=1164%2C1162&ssl=1&resize=700%2C400 2x, https:\/\/i0.wp.com\/puuhamari.fi\/wp-content\/uploads\/2022\/05\/VA-Kilburn-Atrium-Botanical-0-b.jpg?fit=1164%2C1162&ssl=1&resize=1050%2C600 3x"},"classes":[]},{"id":1243,"url":"https:\/\/puuhamari.fi\/?product=hiomatyyny-wurth-120","url_meta":{"origin":2452,"position":4},"title":"Hiomatyyny W\u00fcrth 120","author":"PuuhaMari","date":"22 elokuun, 2021","format":false,"excerpt":"\u2022 Puun, metallin, maalien, kittien ja lakan hiontaan. \u2022 Tukeva tyyny toimii hiomatukena \u2022 Muotoutuu hyvin pinnan mukaan \u2022 Helppo puhdistaa vedell\u00e4 \u2022 Hioma-aine alumiinioksidia \u2022 Mitat: 100 x 68 x 25 mm \u2022 Karkeusaste: Keskihieno 120 \u2022 Saatavana 4 eri karkeusasteessa (60, 80, 120, 220)","rel":"","context":"Samankaltainen artikkeli","block_context":{"text":"Samankaltainen artikkeli","link":""},"img":{"alt_text":"","src":"https:\/\/i0.wp.com\/puuhamari.fi\/wp-content\/uploads\/2020\/06\/Wurth-hiomatyyny-NELIO.png?fit=240%2C244&ssl=1&resize=350%2C200","width":350,"height":200},"classes":[]},{"id":433,"url":"https:\/\/puuhamari.fi\/?product=hiomatyyny-wurth-60","url_meta":{"origin":2452,"position":5},"title":"Hiomatyyny W\u00fcrth 60","author":"PuuhaMari","date":"4 kes\u00e4kuun, 2020","format":false,"excerpt":"\u2022 Puun, metallin, maalien, kittien ja lakan hiontaan. \u2022 Tukeva tyyny toimii hiomatukena \u2022 Muotoutuu hyvin pinnan mukaan \u2022 Helppo puhdistaa vedell\u00e4 \u2022 Hioma-aine alumiinioksidia \u2022 Mitat: 100 x 68 x 25 mm \u2022 Karkeusaste: Karkea 60 \u2022 Saatavana 4 eri karkeusasteessa (60, 80, 120, 220)","rel":"","context":"Samankaltainen artikkeli","block_context":{"text":"Samankaltainen artikkeli","link":""},"img":{"alt_text":"","src":"https:\/\/i0.wp.com\/puuhamari.fi\/wp-content\/uploads\/2020\/06\/Wurth-hiomatyyny-NELIO.png?fit=240%2C244&ssl=1&resize=350%2C200","width":350,"height":200},"classes":[]}],"_links":{"self":[{"href":"https:\/\/puuhamari.fi\/index.php?rest_route=\/wp\/v2\/product\/2452","targetHints":{"allow":["GET"]}}],"collection":[{"href":"https:\/\/puuhamari.fi\/index.php?rest_route=\/wp\/v2\/product"}],"about":[{"href":"https:\/\/puuhamari.fi\/index.php?rest_route=\/wp\/v2\/types\/product"}],"replies":[{"embeddable":true,"href":"https:\/\/puuhamari.fi\/index.php?rest_route=%2Fwp%2Fv2%2Fcomments&post=2452"}],"version-history":[{"count":2,"href":"https:\/\/puuhamari.fi\/index.php?rest_route=\/wp\/v2\/product\/2452\/revisions"}],"predecessor-version":[{"id":9835,"href":"https:\/\/puuhamari.fi\/index.php?rest_route=\/wp\/v2\/product\/2452\/revisions\/9835"}],"wp:featuredmedia":[{"embeddable":true,"href":"https:\/\/puuhamari.fi\/index.php?rest_route=\/wp\/v2\/media\/2510"}],"wp:attachment":[{"href":"https:\/\/puuhamari.fi\/index.php?rest_route=%2Fwp%2Fv2%2Fmedia&parent=2452"}],"wp:term":[{"taxonomy":"product_brand","embeddable":true,"href":"https:\/\/puuhamari.fi\/index.php?rest_route=%2Fwp%2Fv2%2Fproduct_brand&post=2452"},{"taxonomy":"product_cat","embeddable":true,"href":"https:\/\/puuhamari.fi\/index.php?rest_route=%2Fwp%2Fv2%2Fproduct_cat&post=2452"},{"taxonomy":"product_tag","embeddable":true,"href":"https:\/\/puuhamari.fi\/index.php?rest_route=%2Fwp%2Fv2%2Fproduct_tag&post=2452"}],"curies":[{"name":"wp","href":"https:\/\/api.w.org\/{rel}","templated":true}]}}