{"id":3263,"date":"2022-05-03T13:57:12","date_gmt":"2022-05-03T13:57:12","guid":{"rendered":"https:\/\/puuhatarhanputiikki.fi\/?post_type=product&#038;p=3263"},"modified":"2025-11-26T17:01:09","modified_gmt":"2025-11-26T15:01:09","slug":"beeswax-mehilaisvaha","status":"publish","type":"product","link":"https:\/\/puuhamari.fi\/?product=beeswax-mehilaisvaha","title":{"rendered":"Beeswax\/Hemp Finish &#8211; mehil\u00e4isvaha"},"content":{"rendered":"<table width=\"100%\">\n<tbody>\n<tr>\n<td>Levitysty\u00f6kalu<\/td>\n<td>Pensseli, nukkaamaton liina.<\/td>\n<\/tr>\n<tr>\n<td>Sijainti<\/td>\n<td>Sis\u00e4tilojen v\u00e4h\u00e4ll\u00e4 kulutuksella olevat pinnat.<\/td>\n<\/tr>\n<tr>\n<td>Uuden p\u00e4\u00e4llystyksen aika<\/td>\n<td>Tarpeen mukaan \u2013 jos puu n\u00e4ytt\u00e4\u00e4 kuivalta,\u00a0 levit\u00e4 lis\u00e4\u00e4.<\/td>\n<\/tr>\n<tr>\n<td>Kuivumisaika<\/td>\n<td>1 \u2013 7 P\u00e4iv\u00e4\u00e4<\/td>\n<\/tr>\n<tr>\n<td>Viimeistelypinnoite<\/td>\n<td>Ei suositella t\u00e4m\u00e4n tuotteen p\u00e4\u00e4lle. Vaha laitetaan aina viimeisen\u00e4.<\/td>\n<\/tr>\n<tr>\n<td>Poistoaine<\/td>\n<td>Fusion Mineral Paint Odourless Solvent<\/td>\n<\/tr>\n<tr>\n<td>Riittoisuus<\/td>\n<td>14m\u00b2-28m\u00b2<\/td>\n<\/tr>\n<tr>\n<td>Viimeistely\/Kiilto<\/td>\n<td>Matasta korkeaan kiiltoon.\u00a0 Jokainen lis\u00e4tty kerros ja hankaaminen lis\u00e4\u00e4 kiiltoa.<\/td>\n<\/tr>\n<tr>\n<td>Suositellut k\u00e4yt\u00f6t<\/td>\n<td>Ruuanvalmistukseen tarkoitetut pinnat kuten leikkuulaudat, kunnostettu puu ja maitomaalilla maalatut pinnat.<\/td>\n<\/tr>\n<tr>\n<td>Voi levitt\u00e4\u00e4<\/td>\n<td>Kaikkien vesi- tai \u00f6ljypohjaisten pinnotteiden p\u00e4\u00e4lle esimerkiksi hohtoa lis\u00e4\u00e4m\u00e4\u00e4n. Maalatuille pinnoille, Fusion Tough Coatin p\u00e4\u00e4lle,\u00a0 tai Fusion Stain &amp; Finishin Oililla, Gel Stain &amp; Top Coatilla k\u00e4sitellyille pinnoille.<\/td>\n<\/tr>\n<tr>\n<td>Voi ylimaalata<\/td>\n<td>Ei<\/td>\n<\/tr>\n<tr>\n<td>Miten valmistella<\/td>\n<td>Levit\u00e4 mink\u00e4 tahansa pinnan tai viimeistelypinnoitteen p\u00e4\u00e4lle halutun ilmi\u00f6n saamiseksi.<\/td>\n<\/tr>\n<tr>\n<td>Kovettumisaika<\/td>\n<td>30 p\u00e4iv\u00e4\u00e4<\/td>\n<\/tr>\n<tr>\n<td>Kunnossapito\/<br \/>\npuhdistus<\/td>\n<td>Vain miedolla pesuaineella. Vahvat aineet poistavat my\u00f6s vahapintaa.<\/td>\n<\/tr>\n<\/tbody>\n<\/table>\n<p><b>Edut:<\/b><\/p>\n<ul>\n<li>Turvallinen elintarvikkeille<\/li>\n<li>Ei kemikaaleja<\/li>\n<li>Ei lis\u00e4aineita tai s\u00e4il\u00f6nt\u00e4aineita<\/li>\n<li>Ei haihtuvia orgaanisia yhdisteit\u00e4 (VOC)<\/li>\n<li>Biologisesti hajoava<\/li>\n<li>Tehty kokonaan mehil\u00e4isvahasta ja hampunsiemen\u00f6ljyst\u00e4<\/li>\n<\/ul>\n","protected":false},"excerpt":{"rendered":"<p><strong><span style=\"color: #699968;\">Seuraavaa er\u00e4\u00e4 odotetaan saapuvaksi tiistaina 15.7.2025!\u00a0<\/span><\/strong><\/p>\n<p>T\u00e4m\u00e4 mehil\u00e4isvaha on kehitetty nimenomaan osaksi Fusion tuoteperhett\u00e4, ja se sis\u00e4lt\u00e4\u00e4 vain puhdasta mehil\u00e4isvahaa ja hippusen hampunsiemen\u00f6ljy\u00e4. Se on elintarviketurvallinen, t\u00e4ysin luonnollinen tuote, joka muodostaa pehme\u00e4n, satiininsile\u00e4n pinnan. Ja se pysyy kauniina pitk\u00e4\u00e4n!<\/p>\n<p>Voit laittaa mehil\u00e4isvahaa Fusion Mineral Paintin\u2122 p\u00e4\u00e4lle, kun haluat kalusteelle kaunista satiininhohtoa, tai v\u00e4hent\u00e4\u00e4 kulumien ja sormenj\u00e4lkien n\u00e4kyvyytt\u00e4 (varsinkin tummemmissa v\u00e4reiss\u00e4). Voit lis\u00e4t\u00e4 sit\u00e4 my\u00f6s mille tahansa puupinnoille suoja-aineeksi ja kaunistajaksi. Koko 120 ml.<\/p>\n<p>Tarkempia ohjeita alla, kohdassa &#8220;Kuvaus.&#8221;<\/p>\n[video width=\"608\" height=\"1080\" mp4=\"https:\/\/puuhamari.fi\/wp-content\/uploads\/2022\/05\/Beeswax-video-43-sec.HD-1080p-7.2Mbps.mp4\"][\/video]\n","protected":false},"author":1,"featured_media":4885,"comment_status":"open","ping_status":"closed","template":"","meta":{"advgb_blocks_editor_width":"","advgb_blocks_columns_visual_guide":"","advanced_seo_description":"","jetpack_seo_html_title":"","jetpack_seo_noindex":false,"_kad_post_transparent":"default","_kad_post_title":"","_kad_post_layout":"default","_kad_post_sidebar_id":"","_kad_post_content_style":"default","_kad_post_vertical_padding":"default","_kad_post_feature":"","_kad_post_feature_position":"","_kad_post_header":false,"_kad_post_footer":false,"_kad_post_classname":"","jetpack_post_was_ever_published":false},"product_brand":[],"product_cat":[310],"product_tag":[351,352,329],"class_list":{"0":"post-3263","1":"product","2":"type-product","3":"status-publish","4":"has-post-thumbnail","6":"product_cat-muut-fusion-valmisteet","7":"product_tag-beeswax","8":"product_tag-mehilaisvaha","9":"product_tag-viimeistelypinnoite","11":"first","12":"instock","13":"taxable","14":"shipping-taxable","15":"purchasable","16":"product-type-simple","17":"entry","18":"content-bg","19":"loop-entry"},"featured_img":"https:\/\/puuhamari.fi\/wp-content\/uploads\/2022\/05\/fusion_mineral_paint-beeswaxfinish-B.jpg","coauthors":[],"author_meta":{"author_link":"https:\/\/puuhamari.fi\/?author=1","display_name":"PuuhaMari"},"relative_dates":{"created":"Julkaistu 4 vuotta sitten","modified":"P\u00e4ivitetty 5 kuukautta sitten"},"absolute_dates":{"created":"Julkaistu 3 toukokuun, 2022","modified":"P\u00e4ivitetty 26 marraskuun, 2025"},"absolute_dates_time":{"created":"Julkaistu 3 toukokuun, 2022 1:57 pm","modified":"P\u00e4ivitetty 26 marraskuun, 2025 5:01 pm"},"featured_img_caption":"","tax_additional":{"product_brand":{"linked":[],"unlinked":[],"slug":"product_brand","name":"Br\u00e4ndit"},"product_type":{"linked":["<a href=\"https:\/\/puuhamari.fi\/?taxonomy=product_type&#038;term=simple\" class=\"advgb-post-tax-term\">simple<\/a>"],"unlinked":["<span class=\"advgb-post-tax-term\">simple<\/span>"],"slug":"product_type","name":"Tuotetyyppi"},"product_visibility":{"linked":[],"unlinked":[],"slug":"product_visibility","name":"Tuotteen n\u00e4kyvyys"},"product_cat":{"linked":["<a href=\"https:\/\/puuhamari.fi\/?product_cat=muut-fusion-valmisteet\" class=\"advgb-post-tax-term\">Muut Fusion-valmisteet<\/a>"],"unlinked":["<span class=\"advgb-post-tax-term\">Muut Fusion-valmisteet<\/span>"],"slug":"product_cat","name":"Osastot"},"product_tag":{"linked":["<a href=\"https:\/\/puuhamari.fi\/?product_tag=beeswax\" class=\"advgb-post-tax-term\">Beeswax<\/a>","<a href=\"https:\/\/puuhamari.fi\/?product_tag=mehilaisvaha\" class=\"advgb-post-tax-term\">Mehil\u00e4isvaha<\/a>","<a href=\"https:\/\/puuhamari.fi\/?product_tag=viimeistelypinnoite\" class=\"advgb-post-tax-term\">Viimeistelypinnoite<\/a>"],"unlinked":["<span class=\"advgb-post-tax-term\">Beeswax<\/span>","<span class=\"advgb-post-tax-term\">Mehil\u00e4isvaha<\/span>","<span class=\"advgb-post-tax-term\">Viimeistelypinnoite<\/span>"],"slug":"product_tag","name":"Avainsanat tuotteelle"},"product_shipping_class":{"linked":[],"unlinked":[],"slug":"product_shipping_class","name":"Tuotteen toimitusluokat"},"pos_product_visibility":{"linked":[],"unlinked":[],"slug":"pos_product_visibility","name":"POS Product visibility"},"pa_arkin-koko":{"linked":[],"unlinked":[],"slug":"pa_arkin-koko","name":"Tuote Arkin koko"},"pa_hiomatyynyn-karkeus":{"linked":[],"unlinked":[],"slug":"pa_hiomatyynyn-karkeus","name":"Tuote Hiomatyynyn karkeus"},"pa_kehys":{"linked":[],"unlinked":[],"slug":"pa_kehys","name":"Tuote Kehys"},"pa_kuvion-nro":{"linked":[],"unlinked":[],"slug":"pa_kuvion-nro","name":"Tuote Kuvion nro"},"pa_littean-pensselin-koko":{"linked":[],"unlinked":[],"slug":"pa_littean-pensselin-koko","name":"Tuote Litte\u00e4n pensselin koko"},"pa_maalivari":{"linked":[],"unlinked":[],"slug":"pa_maalivari","name":"Tuote Maaliv\u00e4ri"},"pa_palatapettien-lkm":{"linked":[],"unlinked":[],"slug":"pa_palatapettien-lkm","name":"Tuote Palatapettien lkm"},"pa_purkin-koko":{"linked":["<a href=\"https:\/\/puuhamari.fi\/?taxonomy=pa_purkin-koko&#038;term=120-ml\" class=\"advgb-post-tax-term\">120 ml<\/a>"],"unlinked":["<span class=\"advgb-post-tax-term\">120 ml<\/span>"],"slug":"pa_purkin-koko","name":"Tuote Purkin koko"},"pa_sapluunan-koko":{"linked":[],"unlinked":[],"slug":"pa_sapluunan-koko","name":"Tuote Sapluunan koko"},"pa_tabletti":{"linked":[],"unlinked":[],"slug":"pa_tabletti","name":"Tuote Tabletti"},"pa_valitse-sisalto":{"linked":[],"unlinked":[],"slug":"pa_valitse-sisalto","name":"Tuote Valitse sis\u00e4lt\u00f6"},"pa_varjostin":{"linked":[],"unlinked":[],"slug":"pa_varjostin","name":"Tuote Varjostin"}},"series_order":"","jetpack_sharing_enabled":true,"jetpack_likes_enabled":true,"jetpack-related-posts":[{"id":5243,"url":"https:\/\/puuhamari.fi\/?product=hemp-oil-hampunsiemenoljy","url_meta":{"origin":3263,"position":0},"title":"Hemp Oil &#8211; hampunsiemen\u00f6ljy","author":"PuuhaMari","date":"18 maaliskuun, 2023","format":false,"excerpt":"100% luonnollinen hamppu\u00f6ljy on kuin nestem\u00e4ist\u00e4 kultaa - superhelppo levitt\u00e4\u00e4 ja samalla se hoitaa k\u00e4siesi ihoa! Kaada tai penssel\u00f6i \u00f6ljy kohteeseen, ja pyyhi ylim\u00e4\u00e4r\u00e4inen m\u00e4\u00e4r\u00e4 pois nukkaamattomalla liinalla. Hamppu\u00f6ljy elvytt\u00e4\u00e4, hoitaa ja suojaa puuta, ja antaa sille kauniin luonnollisen viimeistelyn. Siit\u00e4 hy\u00f6tyv\u00e4t sek\u00e4 raa'at, ett\u00e4 kunnostettavat puupinnat, ja se tekee\u2026","rel":"","context":"Samankaltainen artikkeli","block_context":{"text":"Samankaltainen artikkeli","link":""},"img":{"alt_text":"","src":"https:\/\/i0.wp.com\/puuhamari.fi\/wp-content\/uploads\/2024\/10\/hempoil-b.jpg?fit=1200%2C1200&ssl=1&resize=350%2C200","width":350,"height":200,"srcset":"https:\/\/i0.wp.com\/puuhamari.fi\/wp-content\/uploads\/2024\/10\/hempoil-b.jpg?fit=1200%2C1200&ssl=1&resize=350%2C200 1x, https:\/\/i0.wp.com\/puuhamari.fi\/wp-content\/uploads\/2024\/10\/hempoil-b.jpg?fit=1200%2C1200&ssl=1&resize=525%2C300 1.5x, https:\/\/i0.wp.com\/puuhamari.fi\/wp-content\/uploads\/2024\/10\/hempoil-b.jpg?fit=1200%2C1200&ssl=1&resize=700%2C400 2x, https:\/\/i0.wp.com\/puuhamari.fi\/wp-content\/uploads\/2024\/10\/hempoil-b.jpg?fit=1200%2C1200&ssl=1&resize=1050%2C600 3x"},"classes":[]},{"id":3225,"url":"https:\/\/puuhamari.fi\/?product=tough-coat-pinnoite-kiiltava","url_meta":{"origin":3263,"position":1},"title":"Tough Coat -pinnoite, KIILT\u00c4V\u00c4","author":"PuuhaMari","date":"18 huhtikuun, 2022","format":false,"excerpt":"(Matta Tough Coat l\u00f6ytyy t\u00e4m\u00e4n linkin kautta.) Vesiliukoinen, KIILT\u00c4V\u00c4N pinnan j\u00e4tt\u00e4v\u00e4 Tough Coat -viimeistelyaine ei kellastu ajan my\u00f6t\u00e4. Se toimii mainiosti kaikkialla miss\u00e4 tarvitset ylim\u00e4\u00e4r\u00e4isi\u00e4 kerroksia suojaamaan pintoja paljolta kulutukselta ja hankaukselta (esim. p\u00f6yt\u00e4pinnat). Levit\u00e4 aine puhtaalla pesusienell\u00e4, niin kalusteeseen ei j\u00e4\u00e4 siveltimenj\u00e4lki\u00e4, ja saan kauniisti kiilt\u00e4v\u00e4n pinnan. HUOM! (Editoitu\u2026","rel":"","context":"Samankaltainen artikkeli","block_context":{"text":"Samankaltainen artikkeli","link":""},"img":{"alt_text":"","src":"https:\/\/i0.wp.com\/puuhamari.fi\/wp-content\/uploads\/2022\/04\/008-Tough_Coat_Gloss_HR_220308_0412-b.jpg?fit=1200%2C1200&ssl=1&resize=350%2C200","width":350,"height":200,"srcset":"https:\/\/i0.wp.com\/puuhamari.fi\/wp-content\/uploads\/2022\/04\/008-Tough_Coat_Gloss_HR_220308_0412-b.jpg?fit=1200%2C1200&ssl=1&resize=350%2C200 1x, https:\/\/i0.wp.com\/puuhamari.fi\/wp-content\/uploads\/2022\/04\/008-Tough_Coat_Gloss_HR_220308_0412-b.jpg?fit=1200%2C1200&ssl=1&resize=525%2C300 1.5x, https:\/\/i0.wp.com\/puuhamari.fi\/wp-content\/uploads\/2022\/04\/008-Tough_Coat_Gloss_HR_220308_0412-b.jpg?fit=1200%2C1200&ssl=1&resize=700%2C400 2x, https:\/\/i0.wp.com\/puuhamari.fi\/wp-content\/uploads\/2022\/04\/008-Tough_Coat_Gloss_HR_220308_0412-b.jpg?fit=1200%2C1200&ssl=1&resize=1050%2C600 3x"},"classes":[]},{"id":3223,"url":"https:\/\/puuhamari.fi\/?product=tough-coat-pinnoite-matta","url_meta":{"origin":3263,"position":2},"title":"Tough Coat -pinnoite, MATTA","author":"PuuhaMari","date":"18 huhtikuun, 2022","format":false,"excerpt":"(Kiilt\u00e4v\u00e4 Tough Coat l\u00f6ytyy t\u00e4m\u00e4n linkin kautta.) Vesiliukoinen, MATAN pinnan j\u00e4tt\u00e4v\u00e4 Tough Coat -viimeistelyaine ei kellastu ajan my\u00f6t\u00e4. Se toimii mainiosti kaikkialla miss\u00e4 tarvitset ylim\u00e4\u00e4r\u00e4isi\u00e4 kerroksia suojaamaan pintoja paljolta kulutukselta ja hankaukselta (esim. p\u00f6yt\u00e4pinnat). Levit\u00e4 aine puhtaalla pesusienell\u00e4, niin kalusteeseen ei j\u00e4\u00e4 siveltimenj\u00e4lki\u00e4. HUOM! (Editoitu 09\/24) Voit k\u00e4ytt\u00e4\u00e4 Tough Coat:ia\u2026","rel":"","context":"Samankaltainen artikkeli","block_context":{"text":"Samankaltainen artikkeli","link":""},"img":{"alt_text":"","src":"https:\/\/i0.wp.com\/puuhamari.fi\/wp-content\/uploads\/2022\/04\/007-Tough_Coat_Matte_HR_220308_0411-b.jpg?fit=1200%2C1200&ssl=1&resize=350%2C200","width":350,"height":200,"srcset":"https:\/\/i0.wp.com\/puuhamari.fi\/wp-content\/uploads\/2022\/04\/007-Tough_Coat_Matte_HR_220308_0411-b.jpg?fit=1200%2C1200&ssl=1&resize=350%2C200 1x, https:\/\/i0.wp.com\/puuhamari.fi\/wp-content\/uploads\/2022\/04\/007-Tough_Coat_Matte_HR_220308_0411-b.jpg?fit=1200%2C1200&ssl=1&resize=525%2C300 1.5x, https:\/\/i0.wp.com\/puuhamari.fi\/wp-content\/uploads\/2022\/04\/007-Tough_Coat_Matte_HR_220308_0411-b.jpg?fit=1200%2C1200&ssl=1&resize=700%2C400 2x, https:\/\/i0.wp.com\/puuhamari.fi\/wp-content\/uploads\/2022\/04\/007-Tough_Coat_Matte_HR_220308_0411-b.jpg?fit=1200%2C1200&ssl=1&resize=1050%2C600 3x"},"classes":[]},{"id":3227,"url":"https:\/\/puuhamari.fi\/?product=tsp-alternative-pesuaine","url_meta":{"origin":3263,"position":3},"title":"TSP Alternative -pesuaine","author":"PuuhaMari","date":"18 huhtikuun, 2022","format":false,"excerpt":"TIIVISTE. Sekoita 2 korkillista (=2 tl) 1 litraan vett\u00e4. Saat tehokasta pesuainetta jopa 25 litraa! TSP Alternative on vesiliukoinen rasvanpoistoaine, jolla puhdistat perusteellisesti kalusteet ja muut pinnat ennen niiden maalaamista. T\u00e4m\u00e4 biohajoava ja silti eritt\u00e4in tehokas puhdistusaine pesee pois \u00f6ljyn, rasvan, sormenj\u00e4ljet, tahrat ja muun lian. Eik\u00e4 sit\u00e4 tarvitse edes\u2026","rel":"","context":"Samankaltainen artikkeli","block_context":{"text":"Samankaltainen artikkeli","link":""},"img":{"alt_text":"","src":"https:\/\/i0.wp.com\/puuhamari.fi\/wp-content\/uploads\/2022\/04\/TSP-updated2-B-scaled.jpg?fit=1200%2C1192&ssl=1&resize=350%2C200","width":350,"height":200,"srcset":"https:\/\/i0.wp.com\/puuhamari.fi\/wp-content\/uploads\/2022\/04\/TSP-updated2-B-scaled.jpg?fit=1200%2C1192&ssl=1&resize=350%2C200 1x, https:\/\/i0.wp.com\/puuhamari.fi\/wp-content\/uploads\/2022\/04\/TSP-updated2-B-scaled.jpg?fit=1200%2C1192&ssl=1&resize=525%2C300 1.5x, https:\/\/i0.wp.com\/puuhamari.fi\/wp-content\/uploads\/2022\/04\/TSP-updated2-B-scaled.jpg?fit=1200%2C1192&ssl=1&resize=700%2C400 2x, https:\/\/i0.wp.com\/puuhamari.fi\/wp-content\/uploads\/2022\/04\/TSP-updated2-B-scaled.jpg?fit=1200%2C1192&ssl=1&resize=1050%2C600 3x"},"classes":[]},{"id":8916,"url":"https:\/\/puuhamari.fi\/?product=alkeiskurssi-kalustemaalaus","url_meta":{"origin":3263,"position":4},"title":"Alkeiskurssi &#8211; kalustemaalaus","author":"PuuhaMari","date":"12 syyskuun, 2024","format":false,"excerpt":"Seuraavan alkeiskurssin ajankohta: Tiedustelut PuuhaMarilta nrosta 050-541 6919. Paikka: PuuhaMarin Putiikki, Pori Kesto: n. 2 h\/pv\u00e4 (la+su), yhteens\u00e4 n. 4 h Ryhm\u00e4koko: max. 4 henke\u00e4 Tuo mukanasi jokin pieni kaluste (esim. jakkara, y\u00f6p\u00f6yt\u00e4, CD-hyllykk\u00f6), jonka tuunaat viikonlopun aikana. Se saa olla mit\u00e4 tahansa materiaalia; puuta, kalustelevy\u00e4, metallia tai jopa muovia.\u2026","rel":"","context":"Samankaltainen artikkeli","block_context":{"text":"Samankaltainen artikkeli","link":""},"img":{"alt_text":"","src":"https:\/\/i0.wp.com\/puuhamari.fi\/wp-content\/uploads\/2024\/09\/Alkeiskurssi.png?fit=1080%2C1080&ssl=1&resize=350%2C200","width":350,"height":200,"srcset":"https:\/\/i0.wp.com\/puuhamari.fi\/wp-content\/uploads\/2024\/09\/Alkeiskurssi.png?fit=1080%2C1080&ssl=1&resize=350%2C200 1x, https:\/\/i0.wp.com\/puuhamari.fi\/wp-content\/uploads\/2024\/09\/Alkeiskurssi.png?fit=1080%2C1080&ssl=1&resize=525%2C300 1.5x, https:\/\/i0.wp.com\/puuhamari.fi\/wp-content\/uploads\/2024\/09\/Alkeiskurssi.png?fit=1080%2C1080&ssl=1&resize=700%2C400 2x, https:\/\/i0.wp.com\/puuhamari.fi\/wp-content\/uploads\/2024\/09\/Alkeiskurssi.png?fit=1080%2C1080&ssl=1&resize=1050%2C600 3x"},"classes":[]},{"id":10004,"url":"https:\/\/puuhamari.fi\/?product=ultra-guard-matta-viimeistelyaine","url_meta":{"origin":3263,"position":5},"title":"Ultra Guard &#8211; SUPERMATTA viimeistelyaine","author":"PuuhaMari","date":"14 elokuun, 2025","format":false,"excerpt":"Ultra Guard = tummien s\u00e4vyjen paras yst\u00e4v\u00e4! T\u00e4ll\u00e4 sivulla SUPERMATTA -versio. Jos haluat Ultra Guard SATIINI -kiiltoastetta, hanki sit\u00e4 t\u00e4\u00e4lt\u00e4. Purkin koko: 473 ml.\u00a0 Purkin riittoisuus: 6m\u00b2. Ei sovellu ulkokalusteiden viimeistelyyn; k\u00e4yt\u00e4 niiss\u00e4 Fusionin Tough Coat:ia (matta tai kiilt\u00e4v\u00e4). Fusion Mineral Paint on kehitt\u00e4nyt t\u00e4m\u00e4n viimeistelyaineen aivan erityinen haaste mieless\u00e4\u00e4n:\u2026","rel":"","context":"Samankaltainen artikkeli","block_context":{"text":"Samankaltainen artikkeli","link":""},"img":{"alt_text":"","src":"https:\/\/i0.wp.com\/puuhamari.fi\/wp-content\/uploads\/2025\/08\/Ultra-Guard-FlatPoly-437mLCAN-b.jpg?fit=1200%2C1200&ssl=1&resize=350%2C200","width":350,"height":200,"srcset":"https:\/\/i0.wp.com\/puuhamari.fi\/wp-content\/uploads\/2025\/08\/Ultra-Guard-FlatPoly-437mLCAN-b.jpg?fit=1200%2C1200&ssl=1&resize=350%2C200 1x, https:\/\/i0.wp.com\/puuhamari.fi\/wp-content\/uploads\/2025\/08\/Ultra-Guard-FlatPoly-437mLCAN-b.jpg?fit=1200%2C1200&ssl=1&resize=525%2C300 1.5x, https:\/\/i0.wp.com\/puuhamari.fi\/wp-content\/uploads\/2025\/08\/Ultra-Guard-FlatPoly-437mLCAN-b.jpg?fit=1200%2C1200&ssl=1&resize=700%2C400 2x, https:\/\/i0.wp.com\/puuhamari.fi\/wp-content\/uploads\/2025\/08\/Ultra-Guard-FlatPoly-437mLCAN-b.jpg?fit=1200%2C1200&ssl=1&resize=1050%2C600 3x"},"classes":[]}],"_links":{"self":[{"href":"https:\/\/puuhamari.fi\/index.php?rest_route=\/wp\/v2\/product\/3263","targetHints":{"allow":["GET"]}}],"collection":[{"href":"https:\/\/puuhamari.fi\/index.php?rest_route=\/wp\/v2\/product"}],"about":[{"href":"https:\/\/puuhamari.fi\/index.php?rest_route=\/wp\/v2\/types\/product"}],"replies":[{"embeddable":true,"href":"https:\/\/puuhamari.fi\/index.php?rest_route=%2Fwp%2Fv2%2Fcomments&post=3263"}],"version-history":[{"count":2,"href":"https:\/\/puuhamari.fi\/index.php?rest_route=\/wp\/v2\/product\/3263\/revisions"}],"predecessor-version":[{"id":9790,"href":"https:\/\/puuhamari.fi\/index.php?rest_route=\/wp\/v2\/product\/3263\/revisions\/9790"}],"wp:featuredmedia":[{"embeddable":true,"href":"https:\/\/puuhamari.fi\/index.php?rest_route=\/wp\/v2\/media\/4885"}],"wp:attachment":[{"href":"https:\/\/puuhamari.fi\/index.php?rest_route=%2Fwp%2Fv2%2Fmedia&parent=3263"}],"wp:term":[{"taxonomy":"product_brand","embeddable":true,"href":"https:\/\/puuhamari.fi\/index.php?rest_route=%2Fwp%2Fv2%2Fproduct_brand&post=3263"},{"taxonomy":"product_cat","embeddable":true,"href":"https:\/\/puuhamari.fi\/index.php?rest_route=%2Fwp%2Fv2%2Fproduct_cat&post=3263"},{"taxonomy":"product_tag","embeddable":true,"href":"https:\/\/puuhamari.fi\/index.php?rest_route=%2Fwp%2Fv2%2Fproduct_tag&post=3263"}],"curies":[{"name":"wp","href":"https:\/\/api.w.org\/{rel}","templated":true}]}}