{"id":5773,"date":"2023-05-01T20:36:17","date_gmt":"2023-05-01T20:36:17","guid":{"rendered":"https:\/\/puuhamari.fi\/?post_type=product&#038;p=5773"},"modified":"2025-09-05T04:30:25","modified_gmt":"2025-09-05T01:30:25","slug":"kukkaruukut-3-kpl-uusi","status":"publish","type":"product","link":"https:\/\/puuhamari.fi\/?product=kukkaruukut-3-kpl-uusi","title":{"rendered":"Ruukut 3 kpl &#8211; uusi"},"content":{"rendered":"","protected":false},"excerpt":{"rendered":"<p>Puiset, sile\u00e4n kauniit ruukut hivelev\u00e4t silm\u00e4\u00e4 py\u00f6re\u00e4n pehmeill\u00e4 muodoillaan. Laita n\u00e4it\u00e4 ryhmiksi ikkunalaudoille, hyllyille, p\u00f6ydille tai parvekkeelle.<\/p>\n<p>Toimivat erinomaisesti mm. kyn\u00e4-\/toimistotarviketelinein\u00e4 tai apulaisinasi keitti\u00f6n p\u00f6yt\u00e4tasoilla! Jos tuunaat ne kukkaruukuiksi, niin huomaa ett\u00e4 ne soveltuvat l\u00e4hinn\u00e4 ns. ulkoruukuiksi. N\u00e4it\u00e4 on hurjan kivaa tuunata lahjaksikin: kerro silloin my\u00f6s lahjan saajalle ettei niit\u00e4 tule k\u00e4ytt\u00e4\u00e4 istutusruukkuna, sill\u00e4 ruukkujen pohja on ohutta vaneria, joka ei ilahdu l\u00e4pim\u00e4r\u00e4ksi kastumisesta.<\/p>\n<p>Huippukauniitahan ne ovat ihan t\u00e4llaisenaankin, mutta maalaamalla ja\/tai koristelemalla <em>(esim. <a href=\"https:\/\/puuhamari.fi\/?product_cat=siirtokuvat\">siirtokuvilla<\/a> tai <a href=\"https:\/\/puuhamari.fi\/?product_cat=die-cut-koristeet\">Die Cut -koristeilla<\/a>)<\/em> teet niist\u00e4 varsinaisen puheenaiheen yst\u00e4viesi piiriss\u00e4!<\/p>\n<p>Settiin sis\u00e4ltyy kolme eri kokoista ruukkua, joiden mitat ovat:<br \/>\nPieni: K 9 cm, L <em>(sis\u00e4osa)<\/em> 7,5 cm<br \/>\nKeski: K 11 cm, L <em>(sis\u00e4osa)<\/em> 9,5 cm<br \/>\nIso: K 13 cm, L <em>(sis\u00e4osa)<\/em> 11,5 cm<\/p>\n","protected":false},"author":1,"featured_media":5770,"comment_status":"open","ping_status":"closed","template":"","meta":{"advgb_blocks_editor_width":"","advgb_blocks_columns_visual_guide":"","advanced_seo_description":"","jetpack_seo_html_title":"","jetpack_seo_noindex":false,"_kad_post_transparent":"default","_kad_post_title":"","_kad_post_layout":"default","_kad_post_sidebar_id":"","_kad_post_content_style":"default","_kad_post_vertical_padding":"default","_kad_post_feature":"","_kad_post_feature_position":"","_kad_post_header":false,"_kad_post_footer":false,"_kad_post_classname":"","jetpack_post_was_ever_published":false},"product_brand":[],"product_cat":[579],"product_tag":[675,588,173,676],"class_list":{"0":"post-5773","1":"product","2":"type-product","3":"status-publish","4":"has-post-thumbnail","6":"product_cat-tuunattavaa","7":"product_tag-kukkaruukku","8":"product_tag-puinen","9":"product_tag-setti","10":"product_tag-yrttiruukku","12":"first","13":"instock","14":"taxable","15":"shipping-taxable","16":"purchasable","17":"product-type-simple","18":"entry","19":"content-bg","20":"loop-entry"},"featured_img":"https:\/\/puuhamari.fi\/wp-content\/uploads\/2023\/05\/Kukkaruukut-1.jpg","coauthors":[],"author_meta":{"author_link":"https:\/\/puuhamari.fi\/?author=1","display_name":"PuuhaMari"},"relative_dates":{"created":"Julkaistu 3 vuotta sitten","modified":"P\u00e4ivitetty 8 kuukautta sitten"},"absolute_dates":{"created":"Julkaistu 1 toukokuun, 2023","modified":"P\u00e4ivitetty 5 syyskuun, 2025"},"absolute_dates_time":{"created":"Julkaistu 1 toukokuun, 2023 8:36 pm","modified":"P\u00e4ivitetty 5 syyskuun, 2025 4:30 am"},"featured_img_caption":"","tax_additional":{"product_brand":{"linked":[],"unlinked":[],"slug":"product_brand","name":"Br\u00e4ndit"},"product_type":{"linked":["<a href=\"https:\/\/puuhamari.fi\/?taxonomy=product_type&#038;term=simple\" class=\"advgb-post-tax-term\">simple<\/a>"],"unlinked":["<span class=\"advgb-post-tax-term\">simple<\/span>"],"slug":"product_type","name":"Tuotetyyppi"},"product_visibility":{"linked":[],"unlinked":[],"slug":"product_visibility","name":"Tuotteen n\u00e4kyvyys"},"product_cat":{"linked":["<a href=\"https:\/\/puuhamari.fi\/?product_cat=tuunattavaa\" class=\"advgb-post-tax-term\">Tuunattavaa<\/a>"],"unlinked":["<span class=\"advgb-post-tax-term\">Tuunattavaa<\/span>"],"slug":"product_cat","name":"Osastot"},"product_tag":{"linked":["<a href=\"https:\/\/puuhamari.fi\/?product_tag=kukkaruukku\" class=\"advgb-post-tax-term\">Kukkaruukku<\/a>","<a href=\"https:\/\/puuhamari.fi\/?product_tag=puinen\" class=\"advgb-post-tax-term\">Puinen<\/a>","<a href=\"https:\/\/puuhamari.fi\/?product_tag=setti\" class=\"advgb-post-tax-term\">Setti<\/a>","<a href=\"https:\/\/puuhamari.fi\/?product_tag=yrttiruukku\" class=\"advgb-post-tax-term\">Yrttiruukku<\/a>"],"unlinked":["<span class=\"advgb-post-tax-term\">Kukkaruukku<\/span>","<span class=\"advgb-post-tax-term\">Puinen<\/span>","<span class=\"advgb-post-tax-term\">Setti<\/span>","<span class=\"advgb-post-tax-term\">Yrttiruukku<\/span>"],"slug":"product_tag","name":"Avainsanat tuotteelle"},"product_shipping_class":{"linked":[],"unlinked":[],"slug":"product_shipping_class","name":"Tuotteen toimitusluokat"},"pos_product_visibility":{"linked":[],"unlinked":[],"slug":"pos_product_visibility","name":"POS Product visibility"},"pa_arkin-koko":{"linked":[],"unlinked":[],"slug":"pa_arkin-koko","name":"Tuote Arkin koko"},"pa_hiomatyynyn-karkeus":{"linked":[],"unlinked":[],"slug":"pa_hiomatyynyn-karkeus","name":"Tuote Hiomatyynyn karkeus"},"pa_kehys":{"linked":[],"unlinked":[],"slug":"pa_kehys","name":"Tuote Kehys"},"pa_kuvion-nro":{"linked":[],"unlinked":[],"slug":"pa_kuvion-nro","name":"Tuote Kuvion nro"},"pa_littean-pensselin-koko":{"linked":[],"unlinked":[],"slug":"pa_littean-pensselin-koko","name":"Tuote Litte\u00e4n pensselin koko"},"pa_maalivari":{"linked":[],"unlinked":[],"slug":"pa_maalivari","name":"Tuote Maaliv\u00e4ri"},"pa_palatapettien-lkm":{"linked":[],"unlinked":[],"slug":"pa_palatapettien-lkm","name":"Tuote Palatapettien lkm"},"pa_purkin-koko":{"linked":[],"unlinked":[],"slug":"pa_purkin-koko","name":"Tuote Purkin koko"},"pa_sapluunan-koko":{"linked":[],"unlinked":[],"slug":"pa_sapluunan-koko","name":"Tuote Sapluunan koko"},"pa_tabletti":{"linked":[],"unlinked":[],"slug":"pa_tabletti","name":"Tuote Tabletti"},"pa_valitse-sisalto":{"linked":[],"unlinked":[],"slug":"pa_valitse-sisalto","name":"Tuote Valitse sis\u00e4lt\u00f6"},"pa_varjostin":{"linked":[],"unlinked":[],"slug":"pa_varjostin","name":"Tuote Varjostin"}},"series_order":"","jetpack_sharing_enabled":true,"jetpack_likes_enabled":true,"jetpack-related-posts":[{"id":7767,"url":"https:\/\/puuhamari.fi\/?product=laatikosto-uusi","url_meta":{"origin":5773,"position":0},"title":"Laatikosto &#8211; uusi","author":"PuuhaMari","date":"21 helmikuun, 2024","format":false,"excerpt":"Harjoittele kalustetuunausta t\u00e4ll\u00e4 laatikostolla: maalaa ja koristele se juuri sen henkiseksi, kuin toivoisit koko kotisi olevan. Aseta se sitten n\u00e4kyv\u00e4lle paikalle p\u00f6yd\u00e4n tai lipaston p\u00e4\u00e4lle (miss\u00e4 n\u00e4et sen joka p\u00e4iv\u00e4), ja ala v\u00e4hitellen tuunata muuta kotia yhteensopivaksi sen kanssa \u2013 kaluste kalusteelta omista kyvyist\u00e4si varmempana ja tyytyv\u00e4isemp\u00e4n\u00e4\u2026 T\u00e4st\u00e4 on hyv\u00e4\u2026","rel":"","context":"Samankaltainen artikkeli","block_context":{"text":"Samankaltainen artikkeli","link":""},"img":{"alt_text":"","src":"https:\/\/i0.wp.com\/puuhamari.fi\/wp-content\/uploads\/2024\/02\/Laatikosto-Chest-of-Drawers.png?fit=939%2C942&ssl=1&resize=350%2C200","width":350,"height":200,"srcset":"https:\/\/i0.wp.com\/puuhamari.fi\/wp-content\/uploads\/2024\/02\/Laatikosto-Chest-of-Drawers.png?fit=939%2C942&ssl=1&resize=350%2C200 1x, https:\/\/i0.wp.com\/puuhamari.fi\/wp-content\/uploads\/2024\/02\/Laatikosto-Chest-of-Drawers.png?fit=939%2C942&ssl=1&resize=525%2C300 1.5x, https:\/\/i0.wp.com\/puuhamari.fi\/wp-content\/uploads\/2024\/02\/Laatikosto-Chest-of-Drawers.png?fit=939%2C942&ssl=1&resize=700%2C400 2x"},"classes":[]},{"id":9700,"url":"https:\/\/puuhamari.fi\/?product=bamburuukku-uusi","url_meta":{"origin":5773,"position":1},"title":"Bamburuukku &#8211; uusi","author":"PuuhaMari","date":"15 toukokuun, 2025","format":false,"excerpt":"T\u00e4t\u00e4 suojaruukkua tekee mieli hell\u00e4sti silitell\u00e4 ihan t\u00e4llaisenaan, niin sile\u00e4 sen pinta on.\u00a0 Ekoyst\u00e4v\u00e4llinen ruukku on valmistettu kest\u00e4v\u00e4st\u00e4 bambukuidusta, johon on sekoitettu pieni m\u00e4\u00e4r\u00e4 lis\u00e4lujuutta antavaa polymeerikuitua. Voidaan k\u00e4ytt\u00e4\u00e4 sis\u00e4ll\u00e4 ja ulkona. Pakkasenkest\u00e4vyys per\u00e4ti -21\u00ba C. Sopii siis eritt\u00e4in hyvin maalattaviksi Fusion Mineral Paint -maaleilla! Halkaisija: 15 cm Korkeus: 13,5\u2026","rel":"","context":"Samankaltainen artikkeli","block_context":{"text":"Samankaltainen artikkeli","link":""},"img":{"alt_text":"","src":"https:\/\/i0.wp.com\/puuhamari.fi\/wp-content\/uploads\/2025\/05\/Bamboo-flower-pot.png?fit=1080%2C1080&ssl=1&resize=350%2C200","width":350,"height":200,"srcset":"https:\/\/i0.wp.com\/puuhamari.fi\/wp-content\/uploads\/2025\/05\/Bamboo-flower-pot.png?fit=1080%2C1080&ssl=1&resize=350%2C200 1x, https:\/\/i0.wp.com\/puuhamari.fi\/wp-content\/uploads\/2025\/05\/Bamboo-flower-pot.png?fit=1080%2C1080&ssl=1&resize=525%2C300 1.5x, https:\/\/i0.wp.com\/puuhamari.fi\/wp-content\/uploads\/2025\/05\/Bamboo-flower-pot.png?fit=1080%2C1080&ssl=1&resize=700%2C400 2x, https:\/\/i0.wp.com\/puuhamari.fi\/wp-content\/uploads\/2025\/05\/Bamboo-flower-pot.png?fit=1080%2C1080&ssl=1&resize=1050%2C600 3x"},"classes":[]},{"id":8891,"url":"https:\/\/puuhamari.fi\/?product=siirtokuva-wine","url_meta":{"origin":5773,"position":2},"title":"Siirtokuva Wine","author":"PuuhaMari","date":"8 syyskuun, 2024","format":false,"excerpt":"No nyt! Viinin yst\u00e4ville oma siirtokuvien setti, jolla koristella sek\u00e4 omat, ett\u00e4 lahjaksi annettavat tarjoiluastiat ja esineet. Toimivat upeana tunnelmanluojana my\u00f6s kes\u00e4keitti\u00f6iss\u00e4, terasseilla jne... Paketti sis\u00e4lt\u00e4\u00e4 kolme eri kalvoa, joissa yhteens\u00e4 kahdeksan upeaa siirtokuvaa. Kukin kalvo on korkeudeltaan n. 30 cm, ja leveydelt\u00e4\u00e4n 15 cm.","rel":"","context":"Samankaltainen artikkeli","block_context":{"text":"Samankaltainen artikkeli","link":""},"img":{"alt_text":"","src":"https:\/\/i0.wp.com\/puuhamari.fi\/wp-content\/uploads\/2024\/09\/91a9a1616aba4aebdae1e36a08263b117873a058be81432ef92aee4635eaf7ef-1.jpeg?fit=1000%2C1000&ssl=1&resize=350%2C200","width":350,"height":200,"srcset":"https:\/\/i0.wp.com\/puuhamari.fi\/wp-content\/uploads\/2024\/09\/91a9a1616aba4aebdae1e36a08263b117873a058be81432ef92aee4635eaf7ef-1.jpeg?fit=1000%2C1000&ssl=1&resize=350%2C200 1x, https:\/\/i0.wp.com\/puuhamari.fi\/wp-content\/uploads\/2024\/09\/91a9a1616aba4aebdae1e36a08263b117873a058be81432ef92aee4635eaf7ef-1.jpeg?fit=1000%2C1000&ssl=1&resize=525%2C300 1.5x, https:\/\/i0.wp.com\/puuhamari.fi\/wp-content\/uploads\/2024\/09\/91a9a1616aba4aebdae1e36a08263b117873a058be81432ef92aee4635eaf7ef-1.jpeg?fit=1000%2C1000&ssl=1&resize=700%2C400 2x"},"classes":[]},{"id":9128,"url":"https:\/\/puuhamari.fi\/?product=kehys-uusi","url_meta":{"origin":5773,"position":3},"title":"Kehys &#8211; uusi","author":"PuuhaMari","date":"24 lokakuun, 2024","format":false,"excerpt":"M\u00e4ntypuinen kehys (sis. lasin) valokuvalle, lapsenlapsen piirrokselle, el\u00e4m\u00e4nmotolle, tai manifestoimallesi asialle juuri nyt... V\u00e4rimaailma ja tyyli t.\u00e4.y.s.i.n. tuunaajan vallassa. Muista, ett\u00e4 koristelutarpeita varten k\u00e4ytett\u00e4viss\u00e4si ovat my\u00f6s PuuhaMarin verkkiksen upeat\u00a0palatapetit ja DieCuts:it. Kehyksen koko:\u00a0 21 cm x 16 cm Kuva-aukon koko: n. 16,5 x 11,5 cm Kehyksen paksuus: 1 cm","rel":"","context":"Samankaltainen artikkeli","block_context":{"text":"Samankaltainen artikkeli","link":""},"img":{"alt_text":"","src":"https:\/\/i0.wp.com\/puuhamari.fi\/wp-content\/uploads\/2024\/10\/Picture-Frame_b.png?fit=1200%2C1200&ssl=1&resize=350%2C200","width":350,"height":200,"srcset":"https:\/\/i0.wp.com\/puuhamari.fi\/wp-content\/uploads\/2024\/10\/Picture-Frame_b.png?fit=1200%2C1200&ssl=1&resize=350%2C200 1x, https:\/\/i0.wp.com\/puuhamari.fi\/wp-content\/uploads\/2024\/10\/Picture-Frame_b.png?fit=1200%2C1200&ssl=1&resize=525%2C300 1.5x, https:\/\/i0.wp.com\/puuhamari.fi\/wp-content\/uploads\/2024\/10\/Picture-Frame_b.png?fit=1200%2C1200&ssl=1&resize=700%2C400 2x, https:\/\/i0.wp.com\/puuhamari.fi\/wp-content\/uploads\/2024\/10\/Picture-Frame_b.png?fit=1200%2C1200&ssl=1&resize=1050%2C600 3x"},"classes":[]},{"id":9696,"url":"https:\/\/puuhamari.fi\/?product=pikkutarjotin","url_meta":{"origin":5773,"position":4},"title":"Pikkutarjotin &#8211; uusi","author":"PuuhaMari","date":"15 toukokuun, 2025","format":false,"excerpt":"Poppelipuusta valmistettu pikkutarjotin esim. keitti\u00f6p\u00f6yd\u00e4n sekalaisten pikkutavaroiden kokoamiseksi siististi yhteen paikkaan, tai kes\u00e4aamun aamiaiskahvin ja -s\u00e4mpyl\u00e4n viemiseksi parvekkeelle\/puutarhaan. Maalaa, k\u00e4yt\u00e4 siirtokuvia, mosaiikkipaloja, sapluunoita - tai koristele Made by Marley -decoupage papereilla, joista yksi esimerkki kakkoskuvassa. Milt\u00e4 kuulostaisi kev\u00e4t-, kes\u00e4-, syksy- ja talviaiheiset pikkutarjottimet? Voisivat menn\u00e4 vaikka \"tauluiksi\" sin\u00e4lle! Pituus: 30\u2026","rel":"","context":"Samankaltainen artikkeli","block_context":{"text":"Samankaltainen artikkeli","link":""},"img":{"alt_text":"","src":"https:\/\/i0.wp.com\/puuhamari.fi\/wp-content\/uploads\/2025\/05\/Tarjotin.png?fit=1080%2C1080&ssl=1&resize=350%2C200","width":350,"height":200,"srcset":"https:\/\/i0.wp.com\/puuhamari.fi\/wp-content\/uploads\/2025\/05\/Tarjotin.png?fit=1080%2C1080&ssl=1&resize=350%2C200 1x, https:\/\/i0.wp.com\/puuhamari.fi\/wp-content\/uploads\/2025\/05\/Tarjotin.png?fit=1080%2C1080&ssl=1&resize=525%2C300 1.5x, https:\/\/i0.wp.com\/puuhamari.fi\/wp-content\/uploads\/2025\/05\/Tarjotin.png?fit=1080%2C1080&ssl=1&resize=700%2C400 2x, https:\/\/i0.wp.com\/puuhamari.fi\/wp-content\/uploads\/2025\/05\/Tarjotin.png?fit=1080%2C1080&ssl=1&resize=1050%2C600 3x"},"classes":[]},{"id":9126,"url":"https:\/\/puuhamari.fi\/?product=kynttilanjalka-uusi","url_meta":{"origin":5773,"position":5},"title":"Kynttil\u00e4njalka &#8211; uusi","author":"PuuhaMari","date":"24 lokakuun, 2024","format":false,"excerpt":"Tukeva, kauniskaarteinen perusjalka yhdelle pitk\u00e4lle (esim. kruunu-) kynttil\u00e4lle. Mukavan pieni projekti kiireiselle tuunaajalle tai vasta-alkajalle. Maalaa joko yksiv\u00e4riseksi, tai iloittele shakki-\/salmiakkiruuduilla, kulta-\/hopeamaalilla, raidoilla, palloilla... Tai hei: leikkaa sopivan pieni(\u00e4) os(i)a - pupuja, kettuja, lehvi\u00e4 tms. - jostain PuuhaMarin verkkokaupan verkkosapluunasta, ja koristele jalka niill\u00e4!!! Korkeus: 16,5 cm Alaosan leveys: 5,5\u2026","rel":"","context":"Samankaltainen artikkeli","block_context":{"text":"Samankaltainen artikkeli","link":""},"img":{"alt_text":"","src":"https:\/\/i0.wp.com\/puuhamari.fi\/wp-content\/uploads\/2024\/10\/Candle-Holder.png?fit=804%2C804&ssl=1&resize=350%2C200","width":350,"height":200,"srcset":"https:\/\/i0.wp.com\/puuhamari.fi\/wp-content\/uploads\/2024\/10\/Candle-Holder.png?fit=804%2C804&ssl=1&resize=350%2C200 1x, https:\/\/i0.wp.com\/puuhamari.fi\/wp-content\/uploads\/2024\/10\/Candle-Holder.png?fit=804%2C804&ssl=1&resize=525%2C300 1.5x, https:\/\/i0.wp.com\/puuhamari.fi\/wp-content\/uploads\/2024\/10\/Candle-Holder.png?fit=804%2C804&ssl=1&resize=700%2C400 2x"},"classes":[]}],"_links":{"self":[{"href":"https:\/\/puuhamari.fi\/index.php?rest_route=\/wp\/v2\/product\/5773","targetHints":{"allow":["GET"]}}],"collection":[{"href":"https:\/\/puuhamari.fi\/index.php?rest_route=\/wp\/v2\/product"}],"about":[{"href":"https:\/\/puuhamari.fi\/index.php?rest_route=\/wp\/v2\/types\/product"}],"replies":[{"embeddable":true,"href":"https:\/\/puuhamari.fi\/index.php?rest_route=%2Fwp%2Fv2%2Fcomments&post=5773"}],"version-history":[{"count":4,"href":"https:\/\/puuhamari.fi\/index.php?rest_route=\/wp\/v2\/product\/5773\/revisions"}],"predecessor-version":[{"id":9151,"href":"https:\/\/puuhamari.fi\/index.php?rest_route=\/wp\/v2\/product\/5773\/revisions\/9151"}],"wp:featuredmedia":[{"embeddable":true,"href":"https:\/\/puuhamari.fi\/index.php?rest_route=\/wp\/v2\/media\/5770"}],"wp:attachment":[{"href":"https:\/\/puuhamari.fi\/index.php?rest_route=%2Fwp%2Fv2%2Fmedia&parent=5773"}],"wp:term":[{"taxonomy":"product_brand","embeddable":true,"href":"https:\/\/puuhamari.fi\/index.php?rest_route=%2Fwp%2Fv2%2Fproduct_brand&post=5773"},{"taxonomy":"product_cat","embeddable":true,"href":"https:\/\/puuhamari.fi\/index.php?rest_route=%2Fwp%2Fv2%2Fproduct_cat&post=5773"},{"taxonomy":"product_tag","embeddable":true,"href":"https:\/\/puuhamari.fi\/index.php?rest_route=%2Fwp%2Fv2%2Fproduct_tag&post=5773"}],"curies":[{"name":"wp","href":"https:\/\/api.w.org\/{rel}","templated":true}]}}