{"id":6881,"date":"2023-08-23T18:18:58","date_gmt":"2023-08-23T18:18:58","guid":{"rendered":"https:\/\/puuhamari.fi\/?post_type=product&#038;p=6881"},"modified":"2025-09-05T04:28:58","modified_gmt":"2025-09-05T01:28:58","slug":"os-kahvipaahtimon-kyltti","status":"publish","type":"product","link":"https:\/\/puuhamari.fi\/?product=os-kahvipaahtimon-kyltti","title":{"rendered":"OS &#8211; Kahvipaahtimon kyltti"},"content":{"rendered":"<p>Sapluunan materiaali on polyesterilla vahvistettua muovia, eli &#8220;mylar:ia&#8221;(10-mil). Se on parasta sapluunamateriaalia: vahvaa, taipuisaa ja pest\u00e4v\u00e4\u00e4, ja se soveltuu k\u00e4ytett\u00e4v\u00e4ksi yhdess\u00e4 kaikenlaisten maalien kanssa. Se ei ole ollenkaan tahmeaa.<\/p>\n<p>Mylarista valmistettua sapluunaa on turvallista k\u00e4ytt\u00e4\u00e4 jopa erilaisten ruokien koristekuvioinnissa (esim. kakut)! Muista kuitenkin pest\u00e4 se ennen k\u00e4ytt\u00f6\u00e4.<\/p>\n","protected":false},"excerpt":{"rendered":"<div>\n<p>Ihanaa tunnelmaa keitti\u00f6\u00f6n, patiolle, tarjottimeen, aamiaiskaappiin jne&#8230; Sapluunaa suunniteltaessa inspiraatio l\u00f6ytyi oikeasti vanhan, k\u00e4ytetyn kahvinkuljetuslaatikon kyljest\u00e4.<\/p>\n<p>Pakkaus sis\u00e4lt\u00e4\u00e4 kolme erillist\u00e4 sapluunanosaa:<br \/>\n<span style=\"font-family: var(--global-body-font-family);\">* pieni sapluuna(20 cm x 10 cm)<\/span><br \/>\n* iso s<span style=\"font-family: var(--global-body-font-family);\">apluuna (48 cm x 23 cm)<br \/>\n* vaihtoehto sijainnille (48 cm x 4,5 cm)<\/span><\/p>\n<p>Esimerkkej\u00e4 kuvien\/tekstien koosta: Sana COFFEE = 29,5 cm x 4 cm, kahvikuppi = 10 cm x 4 cm, suurin kahvipapu 5 cm x 4 cm, pienin kahvipapu 3 cm x 2 cm. <span style=\"font-family: var(--global-body-font-family);\">Ker\u00e4\u00e4 muistakin sapluunoista itsellesi &#8220;peruskirjasto&#8221;, joita voit vapaasti yhdistell\u00e4 kesken\u00e4\u00e4n ja kuvioida juuri sinua miellytt\u00e4vi\u00e4 kortteja, sisustusesineit\u00e4, tekstiilej\u00e4, kalusteita jne&#8230;<\/span><\/p>\n<\/div>\n","protected":false},"author":1,"featured_media":6888,"comment_status":"open","ping_status":"closed","template":"","meta":{"advgb_blocks_editor_width":"","advgb_blocks_columns_visual_guide":"","advanced_seo_description":"","jetpack_seo_html_title":"","jetpack_seo_noindex":false,"_kad_post_transparent":"default","_kad_post_title":"","_kad_post_layout":"default","_kad_post_sidebar_id":"","_kad_post_content_style":"default","_kad_post_vertical_padding":"default","_kad_post_feature":"","_kad_post_feature_position":"","_kad_post_header":false,"_kad_post_footer":false,"_kad_post_classname":"","jetpack_post_was_ever_published":false},"product_brand":[],"product_cat":[668],"product_tag":[763,720,761,762,764,746,745,744,169,171,765,179,718,719],"class_list":{"0":"post-6881","1":"product","2":"type-product","3":"status-publish","4":"has-post-thumbnail","6":"product_cat-vintage-sapluunat","7":"product_tag-bryggeri","8":"product_tag-designer","9":"product_tag-gammal","10":"product_tag-kaffe","11":"product_tag-kaffebona","12":"product_tag-kahvi","13":"product_tag-kahvipaahtimo","14":"product_tag-kahvipapu","15":"product_tag-sabluuna","16":"product_tag-sapluuna","17":"product_tag-schabloon","18":"product_tag-stencil","19":"product_tag-vintage","20":"product_tag-wanha","22":"first","23":"instock","24":"taxable","25":"shipping-taxable","26":"purchasable","27":"product-type-simple","28":"entry","29":"content-bg","30":"loop-entry"},"featured_img":"https:\/\/puuhamari.fi\/wp-content\/uploads\/2023\/08\/Sapluuna-b.png","coauthors":[],"author_meta":{"author_link":"https:\/\/puuhamari.fi\/?author=1","display_name":"PuuhaMari"},"relative_dates":{"created":"Julkaistu 3 vuotta sitten","modified":"P\u00e4ivitetty 8 kuukautta sitten"},"absolute_dates":{"created":"Julkaistu 23 elokuun, 2023","modified":"P\u00e4ivitetty 5 syyskuun, 2025"},"absolute_dates_time":{"created":"Julkaistu 23 elokuun, 2023 6:18 pm","modified":"P\u00e4ivitetty 5 syyskuun, 2025 4:28 am"},"featured_img_caption":"Sapluuna Kahvipaahtimon Kyltti","tax_additional":{"product_brand":{"linked":[],"unlinked":[],"slug":"product_brand","name":"Br\u00e4ndit"},"product_type":{"linked":["<a href=\"https:\/\/puuhamari.fi\/?taxonomy=product_type&#038;term=simple\" class=\"advgb-post-tax-term\">simple<\/a>"],"unlinked":["<span class=\"advgb-post-tax-term\">simple<\/span>"],"slug":"product_type","name":"Tuotetyyppi"},"product_visibility":{"linked":[],"unlinked":[],"slug":"product_visibility","name":"Tuotteen n\u00e4kyvyys"},"product_cat":{"linked":["<a href=\"https:\/\/puuhamari.fi\/?product_cat=vintage-sapluunat\" class=\"advgb-post-tax-term\">Vintage sapluunat<\/a>"],"unlinked":["<span class=\"advgb-post-tax-term\">Vintage sapluunat<\/span>"],"slug":"product_cat","name":"Osastot"},"product_tag":{"linked":["<a href=\"https:\/\/puuhamari.fi\/?product_tag=bryggeri\" class=\"advgb-post-tax-term\">Bryggeri<\/a>","<a href=\"https:\/\/puuhamari.fi\/?product_tag=designer\" class=\"advgb-post-tax-term\">Designer<\/a>","<a href=\"https:\/\/puuhamari.fi\/?product_tag=gammal\" class=\"advgb-post-tax-term\">Gammal<\/a>","<a href=\"https:\/\/puuhamari.fi\/?product_tag=kaffe\" class=\"advgb-post-tax-term\">Kaffe<\/a>","<a href=\"https:\/\/puuhamari.fi\/?product_tag=kaffebona\" class=\"advgb-post-tax-term\">Kaffeb\u00f6na<\/a>","<a href=\"https:\/\/puuhamari.fi\/?product_tag=kahvi\" class=\"advgb-post-tax-term\">Kahvi<\/a>","<a href=\"https:\/\/puuhamari.fi\/?product_tag=kahvipaahtimo\" class=\"advgb-post-tax-term\">Kahvipaahtimo<\/a>","<a href=\"https:\/\/puuhamari.fi\/?product_tag=kahvipapu\" class=\"advgb-post-tax-term\">Kahvipapu<\/a>","<a href=\"https:\/\/puuhamari.fi\/?product_tag=sabluuna\" class=\"advgb-post-tax-term\">Sabluuna<\/a>","<a href=\"https:\/\/puuhamari.fi\/?product_tag=sapluuna\" class=\"advgb-post-tax-term\">Sapluuna<\/a>","<a href=\"https:\/\/puuhamari.fi\/?product_tag=schabloon\" class=\"advgb-post-tax-term\">Schabloon<\/a>","<a href=\"https:\/\/puuhamari.fi\/?product_tag=stencil\" class=\"advgb-post-tax-term\">Stencil<\/a>","<a href=\"https:\/\/puuhamari.fi\/?product_tag=vintage\" class=\"advgb-post-tax-term\">Vintage<\/a>","<a href=\"https:\/\/puuhamari.fi\/?product_tag=wanha\" class=\"advgb-post-tax-term\">Wanha<\/a>"],"unlinked":["<span class=\"advgb-post-tax-term\">Bryggeri<\/span>","<span class=\"advgb-post-tax-term\">Designer<\/span>","<span class=\"advgb-post-tax-term\">Gammal<\/span>","<span class=\"advgb-post-tax-term\">Kaffe<\/span>","<span class=\"advgb-post-tax-term\">Kaffeb\u00f6na<\/span>","<span class=\"advgb-post-tax-term\">Kahvi<\/span>","<span class=\"advgb-post-tax-term\">Kahvipaahtimo<\/span>","<span class=\"advgb-post-tax-term\">Kahvipapu<\/span>","<span class=\"advgb-post-tax-term\">Sabluuna<\/span>","<span class=\"advgb-post-tax-term\">Sapluuna<\/span>","<span class=\"advgb-post-tax-term\">Schabloon<\/span>","<span class=\"advgb-post-tax-term\">Stencil<\/span>","<span class=\"advgb-post-tax-term\">Vintage<\/span>","<span class=\"advgb-post-tax-term\">Wanha<\/span>"],"slug":"product_tag","name":"Avainsanat tuotteelle"},"product_shipping_class":{"linked":[],"unlinked":[],"slug":"product_shipping_class","name":"Tuotteen toimitusluokat"},"pos_product_visibility":{"linked":[],"unlinked":[],"slug":"pos_product_visibility","name":"POS Product visibility"},"pa_arkin-koko":{"linked":[],"unlinked":[],"slug":"pa_arkin-koko","name":"Tuote Arkin koko"},"pa_hiomatyynyn-karkeus":{"linked":[],"unlinked":[],"slug":"pa_hiomatyynyn-karkeus","name":"Tuote Hiomatyynyn karkeus"},"pa_kehys":{"linked":[],"unlinked":[],"slug":"pa_kehys","name":"Tuote Kehys"},"pa_kuvion-nro":{"linked":["<a href=\"https:\/\/puuhamari.fi\/?taxonomy=pa_kuvion-nro&#038;term=g1l\" class=\"advgb-post-tax-term\">G1L<\/a>","<a href=\"https:\/\/puuhamari.fi\/?taxonomy=pa_kuvion-nro&#038;term=g2l\" class=\"advgb-post-tax-term\">G2L<\/a>","<a href=\"https:\/\/puuhamari.fi\/?taxonomy=pa_kuvion-nro&#038;term=g3l\" class=\"advgb-post-tax-term\">G3L<\/a>","<a href=\"https:\/\/puuhamari.fi\/?taxonomy=pa_kuvion-nro&#038;term=g4l\" class=\"advgb-post-tax-term\">G4L<\/a>","<a href=\"https:\/\/puuhamari.fi\/?taxonomy=pa_kuvion-nro&#038;term=g5l\" class=\"advgb-post-tax-term\">G5L<\/a>","<a href=\"https:\/\/puuhamari.fi\/?taxonomy=pa_kuvion-nro&#038;term=g6l\" class=\"advgb-post-tax-term\">G6L<\/a>"],"unlinked":["<span class=\"advgb-post-tax-term\">G1L<\/span>","<span class=\"advgb-post-tax-term\">G2L<\/span>","<span class=\"advgb-post-tax-term\">G3L<\/span>","<span class=\"advgb-post-tax-term\">G4L<\/span>","<span class=\"advgb-post-tax-term\">G5L<\/span>","<span class=\"advgb-post-tax-term\">G6L<\/span>"],"slug":"pa_kuvion-nro","name":"Tuote Kuvion nro"},"pa_littean-pensselin-koko":{"linked":[],"unlinked":[],"slug":"pa_littean-pensselin-koko","name":"Tuote Litte\u00e4n pensselin koko"},"pa_maalivari":{"linked":[],"unlinked":[],"slug":"pa_maalivari","name":"Tuote Maaliv\u00e4ri"},"pa_palatapettien-lkm":{"linked":[],"unlinked":[],"slug":"pa_palatapettien-lkm","name":"Tuote Palatapettien lkm"},"pa_purkin-koko":{"linked":[],"unlinked":[],"slug":"pa_purkin-koko","name":"Tuote Purkin koko"},"pa_sapluunan-koko":{"linked":[],"unlinked":[],"slug":"pa_sapluunan-koko","name":"Tuote Sapluunan koko"},"pa_tabletti":{"linked":[],"unlinked":[],"slug":"pa_tabletti","name":"Tuote Tabletti"},"pa_valitse-sisalto":{"linked":[],"unlinked":[],"slug":"pa_valitse-sisalto","name":"Tuote Valitse sis\u00e4lt\u00f6"},"pa_varjostin":{"linked":[],"unlinked":[],"slug":"pa_varjostin","name":"Tuote Varjostin"}},"series_order":"","jetpack_sharing_enabled":true,"jetpack_likes_enabled":true,"jetpack-related-posts":[{"id":6841,"url":"https:\/\/puuhamari.fi\/?product=os-kuljetuslaatikon-leimat","url_meta":{"origin":6881,"position":0},"title":"OS &#8211; Kuljetuslaatikon Leimat","author":"PuuhaMari","date":"23 elokuun, 2023","format":false,"excerpt":"Rakastatko sin\u00e4kin rustiikkista kuormalava-look:ia? Tee itse huippuedullisesti tunnelmallisia huonekaluja tai sisustuselementtej\u00e4 kuormalavalaudoista lis\u00e4\u00e4m\u00e4ll\u00e4 niihin n\u00e4it\u00e4 leimasintekstej\u00e4. Tekstien kokoesimerkkej\u00e4: Suorakulma (jonka sis\u00e4ll\u00e4 lukee mm. LOT ja DATE) 13,5 cm x 6,5 cm, \"HANDLE WITH CARE\" 21 cm x 2 cm, Nuoli 6 cm x 5,5 cm. Itse sapluunamuovi on kooltaan 30\u2026","rel":"","context":"Samankaltainen artikkeli","block_context":{"text":"Samankaltainen artikkeli","link":""},"img":{"alt_text":"","src":"https:\/\/i0.wp.com\/puuhamari.fi\/wp-content\/uploads\/2023\/08\/Sapluuna-b-1.jpg?fit=586%2C586&ssl=1&resize=350%2C200","width":350,"height":200,"srcset":"https:\/\/i0.wp.com\/puuhamari.fi\/wp-content\/uploads\/2023\/08\/Sapluuna-b-1.jpg?fit=586%2C586&ssl=1&resize=350%2C200 1x, https:\/\/i0.wp.com\/puuhamari.fi\/wp-content\/uploads\/2023\/08\/Sapluuna-b-1.jpg?fit=586%2C586&ssl=1&resize=525%2C300 1.5x"},"classes":[]},{"id":7178,"url":"https:\/\/puuhamari.fi\/?product=eeek-verkkosapluuna","url_meta":{"origin":6881,"position":1},"title":"EEEK! &#8211; verkkosapluuna","author":"PuuhaMari","date":"6 syyskuun, 2023","format":false,"excerpt":"Nimens\u00e4 mukaisesti t\u00e4m\u00e4 sapluuna on ihan IIIK! Sapluunassa on kuusi (6) erillist\u00e4 kuvaa\/teksti\u00e4, mutta \u00e4l\u00e4 missaa mahdollisuuksiasi k\u00e4ytt\u00e4\u00e4 my\u00f6s niiden OSIA uusiss kokonaisuuksissa, joiden sis\u00e4ll\u00f6t ja suuruus ovat oman lennokkaan mielikuvituksesi laatimia! Tee tauluja, tyynyj\u00e4, kortteja ja karkkikasseja, tai kokonaisia (paperi- tai kangas-)nauhoja h\u00e4m\u00e4h\u00e4kkiboordilla ja teksteill\u00e4... Verkkosapluunan kuvioista l\u00f6ytyy erikseen\u2026","rel":"","context":"Samankaltainen artikkeli","block_context":{"text":"Samankaltainen artikkeli","link":""},"img":{"alt_text":"","src":"https:\/\/i0.wp.com\/puuhamari.fi\/wp-content\/uploads\/2023\/09\/1-3.png?fit=872%2C873&ssl=1&resize=350%2C200","width":350,"height":200,"srcset":"https:\/\/i0.wp.com\/puuhamari.fi\/wp-content\/uploads\/2023\/09\/1-3.png?fit=872%2C873&ssl=1&resize=350%2C200 1x, https:\/\/i0.wp.com\/puuhamari.fi\/wp-content\/uploads\/2023\/09\/1-3.png?fit=872%2C873&ssl=1&resize=525%2C300 1.5x, https:\/\/i0.wp.com\/puuhamari.fi\/wp-content\/uploads\/2023\/09\/1-3.png?fit=872%2C873&ssl=1&resize=700%2C400 2x"},"classes":[]},{"id":6833,"url":"https:\/\/puuhamari.fi\/?product=os-reindeer-feed","url_meta":{"origin":6881,"position":2},"title":"OS &#8211; Reindeer Feed","author":"PuuhaMari","date":"23 elokuun, 2023","format":false,"excerpt":"Poronruokaa tarjolla! \ud83d\ude09 Tekisitk\u00f6 itse t\u00e4m\u00e4n mustalla maalilla vai punaisella tai vihre\u00e4ll\u00e4? Se voisi n\u00e4ytt\u00e4\u00e4 hyv\u00e4lt\u00e4 my\u00f6s beigell\u00e4 tai ruskealla maalattuna. Isohko sapluuna on t\u00e4ydellisen kokoinen mm. koristetyynyjen p\u00e4\u00e4llisi\u00e4 ajatellen. Sapluunassa on mukana kohdistusta helpottavat keskikohtamerkit reunoilla. Yhdist\u00e4 erilaisiin \"Patjakankaan Raitoihin\", kuten n\u00e4iss\u00e4 kuvissa. Itse sapluunamuovi on kooltaan 30 cm\u2026","rel":"","context":"Samankaltainen artikkeli","block_context":{"text":"Samankaltainen artikkeli","link":""},"img":{"alt_text":"","src":"https:\/\/i0.wp.com\/puuhamari.fi\/wp-content\/uploads\/2023\/08\/Reindeer-feed-3-b.png?fit=617%2C616&ssl=1&resize=350%2C200","width":350,"height":200,"srcset":"https:\/\/i0.wp.com\/puuhamari.fi\/wp-content\/uploads\/2023\/08\/Reindeer-feed-3-b.png?fit=617%2C616&ssl=1&resize=350%2C200 1x, https:\/\/i0.wp.com\/puuhamari.fi\/wp-content\/uploads\/2023\/08\/Reindeer-feed-3-b.png?fit=617%2C616&ssl=1&resize=525%2C300 1.5x"},"classes":[]},{"id":6791,"url":"https:\/\/puuhamari.fi\/?product=os-vintage-numerot","url_meta":{"origin":6881,"position":3},"title":"OS &#8211; Vintage Numerot","author":"PuuhaMari","date":"16 elokuun, 2023","format":false,"excerpt":"Vintage-numeroita voit laittaa kukkaruukkuun, koristetyynyyn, huonekaluun, vaatekoukkuun, laatikostoon - tai vaikka tehd\u00e4 oman kalenterin! Huomaathan, ett\u00e4 kunkin numeron ymp\u00e4rille voi vaihtaa mink\u00e4 tahansa sapluunassa olevan \"kehyksen.\" Jokaisen yksitt\u00e4isen vintage-numeron koko on n. 3 cm x 2 cm. Itse sapluunamuovi on kooltaan 30 cm x 30 cm. PuuhaMarin j\u00e4lleenmyymien vintage-tyylisten sapluunoiden\u2026","rel":"","context":"Samankaltainen artikkeli","block_context":{"text":"Samankaltainen artikkeli","link":""},"img":{"alt_text":"","src":"https:\/\/i0.wp.com\/puuhamari.fi\/wp-content\/uploads\/2023\/08\/Sapluuna-b.jpg?fit=641%2C640&ssl=1&resize=350%2C200","width":350,"height":200,"srcset":"https:\/\/i0.wp.com\/puuhamari.fi\/wp-content\/uploads\/2023\/08\/Sapluuna-b.jpg?fit=641%2C640&ssl=1&resize=350%2C200 1x, https:\/\/i0.wp.com\/puuhamari.fi\/wp-content\/uploads\/2023\/08\/Sapluuna-b.jpg?fit=641%2C640&ssl=1&resize=525%2C300 1.5x"},"classes":[]},{"id":7008,"url":"https:\/\/puuhamari.fi\/?product=os-jauhosakki","url_meta":{"origin":6881,"position":4},"title":"OS &#8211; Jauhos\u00e4kki","author":"PuuhaMari","date":"25 elokuun, 2023","format":false,"excerpt":"Palaa vanhojen myllyjen aikaan, jolloin jauhotkin ostettiin kauniissa juuttikankaisissa s\u00e4keiss\u00e4. T\u00e4m\u00e4 klassinen sapluuna on koristeltu kauniilla vehn\u00e4nt\u00e4hk\u00e4ll\u00e4, ja sis\u00e4lt\u00e4\u00e4 tekstej\u00e4 jotka kertovat jauhon painosta ja myllyst\u00e4. Sen avulla valmistat realistisen n\u00e4k\u00f6isi\u00e4 jauhos\u00e4kkej\u00e4 ihan itse. Varsinkin jos yhdist\u00e4t sen my\u00f6skin PuuhaMarilta l\u00f6ytyviin \"Patjakangas Raitoihin\"! (Myyd\u00e4\u00e4n erikseen) Sapluunan jokaiseen reunaan on merkitty\u2026","rel":"","context":"Samankaltainen artikkeli","block_context":{"text":"Samankaltainen artikkeli","link":""},"img":{"alt_text":"","src":"https:\/\/i0.wp.com\/puuhamari.fi\/wp-content\/uploads\/2023\/08\/2-b-2.png?fit=588%2C588&ssl=1&resize=350%2C200","width":350,"height":200,"srcset":"https:\/\/i0.wp.com\/puuhamari.fi\/wp-content\/uploads\/2023\/08\/2-b-2.png?fit=588%2C588&ssl=1&resize=350%2C200 1x, https:\/\/i0.wp.com\/puuhamari.fi\/wp-content\/uploads\/2023\/08\/2-b-2.png?fit=588%2C588&ssl=1&resize=525%2C300 1.5x"},"classes":[]},{"id":6998,"url":"https:\/\/puuhamari.fi\/?product=os-retro-tahdet","url_meta":{"origin":6881,"position":5},"title":"OS &#8211; Retro T\u00e4hdet","author":"PuuhaMari","date":"25 elokuun, 2023","format":false,"excerpt":"Eritt\u00e4in kaunis vintaget\u00e4htien kuvio, joka jatkuu \u00e4\u00e4rett\u00f6myyksiin saakka - mihin suuntaan tahansa. Kahta eri kokoa olevat t\u00e4hdet mahdollistavat saman sapluunan k\u00e4yt\u00f6n sek\u00e4 pienten, ett\u00e4 isokokoisten projektien yhteydess\u00e4. Sapluunan jokaiseen reunaan on merkitty kohdistusta helpottavat keskimerkit. Itse sapluunamuovi on kooltaan 30 cm x 30 cm, ison t\u00e4hden halkaisija 10 cm, ja\u2026","rel":"","context":"Samankaltainen artikkeli","block_context":{"text":"Samankaltainen artikkeli","link":""},"img":{"alt_text":"","src":"https:\/\/i0.wp.com\/puuhamari.fi\/wp-content\/uploads\/2023\/08\/Sapluuna-b-1.png?fit=596%2C597&ssl=1&resize=350%2C200","width":350,"height":200,"srcset":"https:\/\/i0.wp.com\/puuhamari.fi\/wp-content\/uploads\/2023\/08\/Sapluuna-b-1.png?fit=596%2C597&ssl=1&resize=350%2C200 1x, https:\/\/i0.wp.com\/puuhamari.fi\/wp-content\/uploads\/2023\/08\/Sapluuna-b-1.png?fit=596%2C597&ssl=1&resize=525%2C300 1.5x"},"classes":[]}],"_links":{"self":[{"href":"https:\/\/puuhamari.fi\/index.php?rest_route=\/wp\/v2\/product\/6881","targetHints":{"allow":["GET"]}}],"collection":[{"href":"https:\/\/puuhamari.fi\/index.php?rest_route=\/wp\/v2\/product"}],"about":[{"href":"https:\/\/puuhamari.fi\/index.php?rest_route=\/wp\/v2\/types\/product"}],"replies":[{"embeddable":true,"href":"https:\/\/puuhamari.fi\/index.php?rest_route=%2Fwp%2Fv2%2Fcomments&post=6881"}],"version-history":[{"count":5,"href":"https:\/\/puuhamari.fi\/index.php?rest_route=\/wp\/v2\/product\/6881\/revisions"}],"predecessor-version":[{"id":8468,"href":"https:\/\/puuhamari.fi\/index.php?rest_route=\/wp\/v2\/product\/6881\/revisions\/8468"}],"wp:featuredmedia":[{"embeddable":true,"href":"https:\/\/puuhamari.fi\/index.php?rest_route=\/wp\/v2\/media\/6888"}],"wp:attachment":[{"href":"https:\/\/puuhamari.fi\/index.php?rest_route=%2Fwp%2Fv2%2Fmedia&parent=6881"}],"wp:term":[{"taxonomy":"product_brand","embeddable":true,"href":"https:\/\/puuhamari.fi\/index.php?rest_route=%2Fwp%2Fv2%2Fproduct_brand&post=6881"},{"taxonomy":"product_cat","embeddable":true,"href":"https:\/\/puuhamari.fi\/index.php?rest_route=%2Fwp%2Fv2%2Fproduct_cat&post=6881"},{"taxonomy":"product_tag","embeddable":true,"href":"https:\/\/puuhamari.fi\/index.php?rest_route=%2Fwp%2Fv2%2Fproduct_tag&post=6881"}],"curies":[{"name":"wp","href":"https:\/\/api.w.org\/{rel}","templated":true}]}}