{"id":7416,"date":"2023-10-09T17:29:15","date_gmt":"2023-10-09T17:29:15","guid":{"rendered":"https:\/\/puuhamari.fi\/?post_type=product&#038;p=7416"},"modified":"2025-09-11T19:24:10","modified_gmt":"2025-09-11T16:24:10","slug":"dm-forest-animals-2-pack","status":"publish","type":"product","link":"https:\/\/puuhamari.fi\/?product=dm-forest-animals-2-pack","title":{"rendered":"DM-Forest Animals &#8220;2 pack&#8221;"},"content":{"rendered":"<p>Sapluunan materiaali on polyesterilla vahvistettua muovia (190 micronin Mylaria). Se on parasta sapluunamateriaalia: vahvaa ja pest\u00e4v\u00e4\u00e4, mutta samalla ohuen taipuisaa, joten se ottaa sopivan tukevan kontaktin tuunattavaan pintaan. Se soveltuu my\u00f6s k\u00e4ytett\u00e4v\u00e4ksi yhdess\u00e4 kaikenlaisten maalien kanssa.<\/p>\n<p>Mylarista valmistettua sapluunaa on turvallista k\u00e4ytt\u00e4\u00e4 jopa erilaisten ruokien koristekuvioinnissa (esim. kakut)! Muista kuitenkin pest\u00e4 se ennen k\u00e4ytt\u00f6\u00e4.<\/p>\n","protected":false},"excerpt":{"rendered":"<p>Kaksi upeaa pohjoisten metsien el\u00e4int\u00e4 suloisina, Folk Art -tyylisin\u00e4 sapluunakuvioina! N\u00e4ill\u00e4 on ilmiselv\u00e4 paikkansa perinteit\u00e4 vaalivan kodin koristelussa, sill\u00e4 ne tuovat iloa ja leikillisyytt\u00e4 ihan kaikkiin huoneisiin, esineisiin, leluihin, jne&#8230; Ja hei: k\u00e4ytt\u00e4miesi maaliv\u00e4rienh\u00e4n ei tarvitse olla juuri samat 2-3, kuin oheisissa kuvissa&#8230;<\/p>\n<p>Pakkauksessa on mukana 2 kpl arkkeja, joille on jaettu n\u00e4iden el\u00e4inhahmojen eri osat kolmannessa kuvassa n\u00e4kem\u00e4ll\u00e4si tavalla. T\u00e4m\u00e4 helpottaa huomattavasti yksityiskohtien maalaamista eri v\u00e4reill\u00e4.<\/p>\n<p>&nbsp;<\/p>\n","protected":false},"author":1,"featured_media":7421,"comment_status":"open","ping_status":"closed","template":"","meta":{"advgb_blocks_editor_width":"","advgb_blocks_columns_visual_guide":"","advanced_seo_description":"","jetpack_seo_html_title":"","jetpack_seo_noindex":false,"_kad_post_transparent":"default","_kad_post_title":"","_kad_post_layout":"default","_kad_post_sidebar_id":"","_kad_post_content_style":"default","_kad_post_vertical_padding":"default","_kad_post_feature":"","_kad_post_feature_position":"","_kad_post_header":false,"_kad_post_footer":false,"_kad_post_classname":"","jetpack_post_was_ever_published":true},"product_brand":[],"product_cat":[853],"product_tag":[669,670,857,747,261,856,302,858,754,169,171,765,179],"class_list":{"0":"post-7416","1":"product","2":"type-product","3":"status-publish","4":"has-post-thumbnail","6":"product_cat-skandinaaviset-sapluunat","7":"product_tag-a4","8":"product_tag-a5","9":"product_tag-alg","10":"product_tag-dala-muses","11":"product_tag-folk-art","12":"product_tag-hirvi","13":"product_tag-kettu","14":"product_tag-rav","15":"product_tag-retro","16":"product_tag-sabluuna","17":"product_tag-sapluuna","18":"product_tag-schabloon","19":"product_tag-stencil","21":"first","22":"instock","23":"taxable","24":"shipping-taxable","25":"purchasable","26":"product-type-variable","27":"entry","28":"content-bg","29":"loop-entry"},"featured_img":"https:\/\/puuhamari.fi\/wp-content\/uploads\/2023\/10\/Forest-Animals-A5.jpg","coauthors":[],"author_meta":{"author_link":"https:\/\/puuhamari.fi\/?author=1","display_name":"PuuhaMari"},"relative_dates":{"created":"Julkaistu 3 vuotta sitten","modified":"P\u00e4ivitetty 7 kuukautta sitten"},"absolute_dates":{"created":"Julkaistu 9 lokakuun, 2023","modified":"P\u00e4ivitetty 11 syyskuun, 2025"},"absolute_dates_time":{"created":"Julkaistu 9 lokakuun, 2023 5:29 pm","modified":"P\u00e4ivitetty 11 syyskuun, 2025 7:24 pm"},"featured_img_caption":"","tax_additional":{"product_brand":{"linked":[],"unlinked":[],"slug":"product_brand","name":"Br\u00e4ndit"},"product_type":{"linked":["<a href=\"https:\/\/puuhamari.fi\/?taxonomy=product_type&#038;term=variable\" class=\"advgb-post-tax-term\">variable<\/a>"],"unlinked":["<span class=\"advgb-post-tax-term\">variable<\/span>"],"slug":"product_type","name":"Tuotetyyppi"},"product_visibility":{"linked":[],"unlinked":[],"slug":"product_visibility","name":"Tuotteen n\u00e4kyvyys"},"product_cat":{"linked":["<a href=\"https:\/\/puuhamari.fi\/?product_cat=skandinaaviset-sapluunat\" class=\"advgb-post-tax-term\">Skandinaaviset sapluunat<\/a>"],"unlinked":["<span class=\"advgb-post-tax-term\">Skandinaaviset sapluunat<\/span>"],"slug":"product_cat","name":"Osastot"},"product_tag":{"linked":["<a href=\"https:\/\/puuhamari.fi\/?product_tag=a4\" class=\"advgb-post-tax-term\">A4<\/a>","<a href=\"https:\/\/puuhamari.fi\/?product_tag=a5\" class=\"advgb-post-tax-term\">A5<\/a>","<a href=\"https:\/\/puuhamari.fi\/?product_tag=alg\" class=\"advgb-post-tax-term\">\u00c4lg<\/a>","<a href=\"https:\/\/puuhamari.fi\/?product_tag=dala-muses\" class=\"advgb-post-tax-term\">Dala Muses<\/a>","<a href=\"https:\/\/puuhamari.fi\/?product_tag=folk-art\" class=\"advgb-post-tax-term\">Folk Art<\/a>","<a href=\"https:\/\/puuhamari.fi\/?product_tag=hirvi\" class=\"advgb-post-tax-term\">Hirvi<\/a>","<a href=\"https:\/\/puuhamari.fi\/?product_tag=kettu\" class=\"advgb-post-tax-term\">Kettu<\/a>","<a href=\"https:\/\/puuhamari.fi\/?product_tag=rav\" class=\"advgb-post-tax-term\">R\u00e4v<\/a>","<a href=\"https:\/\/puuhamari.fi\/?product_tag=retro\" class=\"advgb-post-tax-term\">Retro<\/a>","<a href=\"https:\/\/puuhamari.fi\/?product_tag=sabluuna\" class=\"advgb-post-tax-term\">Sabluuna<\/a>","<a href=\"https:\/\/puuhamari.fi\/?product_tag=sapluuna\" class=\"advgb-post-tax-term\">Sapluuna<\/a>","<a href=\"https:\/\/puuhamari.fi\/?product_tag=schabloon\" class=\"advgb-post-tax-term\">Schabloon<\/a>","<a href=\"https:\/\/puuhamari.fi\/?product_tag=stencil\" class=\"advgb-post-tax-term\">Stencil<\/a>"],"unlinked":["<span class=\"advgb-post-tax-term\">A4<\/span>","<span class=\"advgb-post-tax-term\">A5<\/span>","<span class=\"advgb-post-tax-term\">\u00c4lg<\/span>","<span class=\"advgb-post-tax-term\">Dala Muses<\/span>","<span class=\"advgb-post-tax-term\">Folk Art<\/span>","<span class=\"advgb-post-tax-term\">Hirvi<\/span>","<span class=\"advgb-post-tax-term\">Kettu<\/span>","<span class=\"advgb-post-tax-term\">R\u00e4v<\/span>","<span class=\"advgb-post-tax-term\">Retro<\/span>","<span class=\"advgb-post-tax-term\">Sabluuna<\/span>","<span class=\"advgb-post-tax-term\">Sapluuna<\/span>","<span class=\"advgb-post-tax-term\">Schabloon<\/span>","<span class=\"advgb-post-tax-term\">Stencil<\/span>"],"slug":"product_tag","name":"Avainsanat tuotteelle"},"product_shipping_class":{"linked":[],"unlinked":[],"slug":"product_shipping_class","name":"Tuotteen toimitusluokat"},"pos_product_visibility":{"linked":[],"unlinked":[],"slug":"pos_product_visibility","name":"POS Product visibility"},"pa_arkin-koko":{"linked":[],"unlinked":[],"slug":"pa_arkin-koko","name":"Tuote Arkin koko"},"pa_hiomatyynyn-karkeus":{"linked":[],"unlinked":[],"slug":"pa_hiomatyynyn-karkeus","name":"Tuote Hiomatyynyn karkeus"},"pa_kehys":{"linked":[],"unlinked":[],"slug":"pa_kehys","name":"Tuote Kehys"},"pa_kuvion-nro":{"linked":[],"unlinked":[],"slug":"pa_kuvion-nro","name":"Tuote Kuvion nro"},"pa_littean-pensselin-koko":{"linked":[],"unlinked":[],"slug":"pa_littean-pensselin-koko","name":"Tuote Litte\u00e4n pensselin koko"},"pa_maalivari":{"linked":[],"unlinked":[],"slug":"pa_maalivari","name":"Tuote Maaliv\u00e4ri"},"pa_palatapettien-lkm":{"linked":[],"unlinked":[],"slug":"pa_palatapettien-lkm","name":"Tuote Palatapettien lkm"},"pa_purkin-koko":{"linked":[],"unlinked":[],"slug":"pa_purkin-koko","name":"Tuote Purkin koko"},"pa_sapluunan-koko":{"linked":["<a href=\"https:\/\/puuhamari.fi\/?taxonomy=pa_sapluunan-koko&#038;term=a4\" class=\"advgb-post-tax-term\">A4<\/a>","<a href=\"https:\/\/puuhamari.fi\/?taxonomy=pa_sapluunan-koko&#038;term=a5\" class=\"advgb-post-tax-term\">A5<\/a>"],"unlinked":["<span class=\"advgb-post-tax-term\">A4<\/span>","<span class=\"advgb-post-tax-term\">A5<\/span>"],"slug":"pa_sapluunan-koko","name":"Tuote Sapluunan koko"},"pa_tabletti":{"linked":[],"unlinked":[],"slug":"pa_tabletti","name":"Tuote Tabletti"},"pa_valitse-sisalto":{"linked":[],"unlinked":[],"slug":"pa_valitse-sisalto","name":"Tuote Valitse sis\u00e4lt\u00f6"},"pa_varjostin":{"linked":[],"unlinked":[],"slug":"pa_varjostin","name":"Tuote Varjostin"}},"series_order":"","jetpack_sharing_enabled":true,"jetpack_likes_enabled":true,"jetpack-related-posts":[{"id":5738,"url":"https:\/\/puuhamari.fi\/?product=dm-botanical-border-2-pack","url_meta":{"origin":7416,"position":0},"title":"DM-Botanical Border &#8220;2 pack&#8221;","author":"PuuhaMari","date":"1 toukokuun, 2023","format":false,"excerpt":"Skandinaavisen tyylin kukat ovat ihastuttavia joko boordina keitti\u00f6pyyhkeiss\u00e4 tai p\u00f6yt\u00e4liinoissa, mutta my\u00f6s KEHYKSEN\u00c4 mietelauseelle\/ rakkaalle sanalle (kts. kuvan esimerkki). Laita se vaikka eteisen oveen tervetulotoivotukseksi, tai tee siit\u00e4 taulu makuuhuoneeseen\/keitti\u00f6\u00f6n. Kotona tai m\u00f6kill\u00e4, ulkona tai sis\u00e4ll\u00e4, puuhun, metalliin, tekstiileihin - ja jopa kakkujen koristeluun! Valitse maali\/kuviointiaine k\u00e4ytt\u00f6kohteen vaatimusten mukaan. Paketti\u2026","rel":"","context":"Samankaltainen artikkeli","block_context":{"text":"Samankaltainen artikkeli","link":""},"img":{"alt_text":"","src":"https:\/\/i0.wp.com\/puuhamari.fi\/wp-content\/uploads\/2023\/05\/10946-A-BOTANICAL-BORDER-STENCILSM.jpg?fit=750%2C750&ssl=1&resize=350%2C200","width":350,"height":200,"srcset":"https:\/\/i0.wp.com\/puuhamari.fi\/wp-content\/uploads\/2023\/05\/10946-A-BOTANICAL-BORDER-STENCILSM.jpg?fit=750%2C750&ssl=1&resize=350%2C200 1x, https:\/\/i0.wp.com\/puuhamari.fi\/wp-content\/uploads\/2023\/05\/10946-A-BOTANICAL-BORDER-STENCILSM.jpg?fit=750%2C750&ssl=1&resize=525%2C300 1.5x, https:\/\/i0.wp.com\/puuhamari.fi\/wp-content\/uploads\/2023\/05\/10946-A-BOTANICAL-BORDER-STENCILSM.jpg?fit=750%2C750&ssl=1&resize=700%2C400 2x"},"classes":[]},{"id":5741,"url":"https:\/\/puuhamari.fi\/?product=dm-sweet-summer-vibes-2-pack","url_meta":{"origin":7416,"position":1},"title":"DM-Sweet Summer Vibes &#8220;2 pack&#8221;","author":"PuuhaMari","date":"1 toukokuun, 2023","format":false,"excerpt":"Suloisia kes\u00e4viboja iiiiiihan minne vain: kukkaruukkuihin, kauluspaitaan, kes\u00e4kenkiin, kirjeisiin, postilaatikkoon, penaaliin, tai kodin kaikkiin koriste-esineisiin! Voit my\u00f6s laittaa kuviot KEHYKSEKSI mietelauseelle\/ pihajuhlien ohjelmalle\/ kes\u00e4keitti\u00f6n ruokalistalle... (kts. kuvan esimerkki). Kotona tai m\u00f6kill\u00e4, ulkona tai sis\u00e4ll\u00e4, puuhun, metalliin, tekstiileihin - ja jopa kakkujen koristeluun! Valitse maali\/kuviointiaine k\u00e4ytt\u00f6kohteen vaatimusten mukaan. Paketti sis\u00e4lt\u00e4\u00e4 2\u2026","rel":"","context":"Samankaltainen artikkeli","block_context":{"text":"Samankaltainen artikkeli","link":""},"img":{"alt_text":"","src":"https:\/\/i0.wp.com\/puuhamari.fi\/wp-content\/uploads\/2023\/05\/10947-A-SWEET-SUMMER-VIBES-STENCILSM.jpg?fit=750%2C750&ssl=1&resize=350%2C200","width":350,"height":200,"srcset":"https:\/\/i0.wp.com\/puuhamari.fi\/wp-content\/uploads\/2023\/05\/10947-A-SWEET-SUMMER-VIBES-STENCILSM.jpg?fit=750%2C750&ssl=1&resize=350%2C200 1x, https:\/\/i0.wp.com\/puuhamari.fi\/wp-content\/uploads\/2023\/05\/10947-A-SWEET-SUMMER-VIBES-STENCILSM.jpg?fit=750%2C750&ssl=1&resize=525%2C300 1.5x, https:\/\/i0.wp.com\/puuhamari.fi\/wp-content\/uploads\/2023\/05\/10947-A-SWEET-SUMMER-VIBES-STENCILSM.jpg?fit=750%2C750&ssl=1&resize=700%2C400 2x"},"classes":[]},{"id":5733,"url":"https:\/\/puuhamari.fi\/?product=dm-folk-art-flowers-2-pack","url_meta":{"origin":7416,"position":2},"title":"DM-Folk Art Flowers &#8220;2 pack&#8221;","author":"PuuhaMari","date":"1 toukokuun, 2023","format":false,"excerpt":"Retro on retro on retro!\u00a0Tuunaa ovet, kalusteet tai keitti\u00f6tekstiilit isoilla (A3-arkki) tai pienemmill\u00e4 (A4-arkki) kukkasilla. Milt\u00e4 sinusta tuntuisi kaivautua itse tuunattujen, pehmeiden retroLAKANOIDEN v\u00e4liin...? Kotona tai m\u00f6kill\u00e4, ulkona tai sis\u00e4ll\u00e4, puuhun metalliin, tekstiileihin - ja jopa kakkujen koristeluun! Yhdistele my\u00f6s eri kokoja hurmaavan retrokukkaKEDON aikaansaamiseksi. Jokaisessa pakkauksessa on mukana 2\u2026","rel":"","context":"Samankaltainen artikkeli","block_context":{"text":"Samankaltainen artikkeli","link":""},"img":{"alt_text":"","src":"https:\/\/i0.wp.com\/puuhamari.fi\/wp-content\/uploads\/2023\/05\/Folk-Art-Flowers-1Ab-1.jpg?fit=715%2C715&ssl=1&resize=350%2C200","width":350,"height":200,"srcset":"https:\/\/i0.wp.com\/puuhamari.fi\/wp-content\/uploads\/2023\/05\/Folk-Art-Flowers-1Ab-1.jpg?fit=715%2C715&ssl=1&resize=350%2C200 1x, https:\/\/i0.wp.com\/puuhamari.fi\/wp-content\/uploads\/2023\/05\/Folk-Art-Flowers-1Ab-1.jpg?fit=715%2C715&ssl=1&resize=525%2C300 1.5x, https:\/\/i0.wp.com\/puuhamari.fi\/wp-content\/uploads\/2023\/05\/Folk-Art-Flowers-1Ab-1.jpg?fit=715%2C715&ssl=1&resize=700%2C400 2x"},"classes":[]},{"id":7430,"url":"https:\/\/puuhamari.fi\/?product=dm-gnomes","url_meta":{"origin":7416,"position":3},"title":"DM-Gnomes","author":"PuuhaMari","date":"9 lokakuun, 2023","format":false,"excerpt":"Suloinen saunatonttu\/ pihatonttu\/ vaiko ihan tavallinen tonttu vaan? Vai joulupukki ja -muoriko ne siin\u00e4 ovat? Laita n\u00e4it\u00e4 suloisia nyker\u00f6neni\u00e4 mihin tahansa tee-se-itse projekteihisi: joko yksitt\u00e4in tai reunusnauhaksi!!!\u00a0 Kotona ja m\u00f6kill\u00e4, ulkona ja sis\u00e4ll\u00e4. Valitse maali k\u00e4ytt\u00f6kohteen mukaan. (Esim. PuuhaMarin myym\u00e4t Fusion -mineraalimaalit kest\u00e4v\u00e4t my\u00f6s pakkasta.) Pakkauksessa yksi sapluuna-arkki, jonka keskell\u00e4\u2026","rel":"","context":"Samankaltainen artikkeli","block_context":{"text":"Samankaltainen artikkeli","link":""},"img":{"alt_text":"","src":"https:\/\/i0.wp.com\/puuhamari.fi\/wp-content\/uploads\/2023\/10\/Gnomes-A5.jpg?fit=510%2C510&ssl=1&resize=350%2C200","width":350,"height":200},"classes":[]},{"id":6998,"url":"https:\/\/puuhamari.fi\/?product=os-retro-tahdet","url_meta":{"origin":7416,"position":4},"title":"OS &#8211; Retro T\u00e4hdet","author":"PuuhaMari","date":"25 elokuun, 2023","format":false,"excerpt":"Eritt\u00e4in kaunis vintaget\u00e4htien kuvio, joka jatkuu \u00e4\u00e4rett\u00f6myyksiin saakka - mihin suuntaan tahansa. Kahta eri kokoa olevat t\u00e4hdet mahdollistavat saman sapluunan k\u00e4yt\u00f6n sek\u00e4 pienten, ett\u00e4 isokokoisten projektien yhteydess\u00e4. Sapluunan jokaiseen reunaan on merkitty kohdistusta helpottavat keskimerkit. Itse sapluunamuovi on kooltaan 30 cm x 30 cm, ison t\u00e4hden halkaisija 10 cm, ja\u2026","rel":"","context":"Samankaltainen artikkeli","block_context":{"text":"Samankaltainen artikkeli","link":""},"img":{"alt_text":"","src":"https:\/\/i0.wp.com\/puuhamari.fi\/wp-content\/uploads\/2023\/08\/Sapluuna-b-1.png?fit=596%2C597&ssl=1&resize=350%2C200","width":350,"height":200,"srcset":"https:\/\/i0.wp.com\/puuhamari.fi\/wp-content\/uploads\/2023\/08\/Sapluuna-b-1.png?fit=596%2C597&ssl=1&resize=350%2C200 1x, https:\/\/i0.wp.com\/puuhamari.fi\/wp-content\/uploads\/2023\/08\/Sapluuna-b-1.png?fit=596%2C597&ssl=1&resize=525%2C300 1.5x"},"classes":[]},{"id":7015,"url":"https:\/\/puuhamari.fi\/?product=os-sokerisakki","url_meta":{"origin":7416,"position":5},"title":"OS &#8211; Sokeris\u00e4kki","author":"PuuhaMari","date":"25 elokuun, 2023","format":false,"excerpt":"Ennen Wanhaan oli erityist\u00e4 tunnelmaa jopa leimoilla varustetuissa kangass\u00e4keiss\u00e4, joissa kuljetettiin sokeria. T\u00e4ll\u00e4 sapluunalla muunnat l\u00e4hes mink\u00e4 tahansa tyynyliinan hetkess\u00e4 vintage sokeris\u00e4kiksi. Huimasti lis\u00e4\u00e4 persoonallisuutta sisustukseesi - erityisesti jos yhdist\u00e4t sen mihin tahansa PuuhaMarilta l\u00f6ytyv\u00e4\u00e4n \"Patjakankaan Raitaan\"! (Myyd\u00e4\u00e4n erikseen)\u00a0 Sapluunan koko on suunniteltu yhteensopivaksi koristetyynyjen, laatikoiden ja useiden kodin pienesineiden\u2026","rel":"","context":"Samankaltainen artikkeli","block_context":{"text":"Samankaltainen artikkeli","link":""},"img":{"alt_text":"","src":"https:\/\/i0.wp.com\/puuhamari.fi\/wp-content\/uploads\/2023\/08\/1-b-1.png?fit=613%2C613&ssl=1&resize=350%2C200","width":350,"height":200,"srcset":"https:\/\/i0.wp.com\/puuhamari.fi\/wp-content\/uploads\/2023\/08\/1-b-1.png?fit=613%2C613&ssl=1&resize=350%2C200 1x, https:\/\/i0.wp.com\/puuhamari.fi\/wp-content\/uploads\/2023\/08\/1-b-1.png?fit=613%2C613&ssl=1&resize=525%2C300 1.5x"},"classes":[]}],"_links":{"self":[{"href":"https:\/\/puuhamari.fi\/index.php?rest_route=\/wp\/v2\/product\/7416","targetHints":{"allow":["GET"]}}],"collection":[{"href":"https:\/\/puuhamari.fi\/index.php?rest_route=\/wp\/v2\/product"}],"about":[{"href":"https:\/\/puuhamari.fi\/index.php?rest_route=\/wp\/v2\/types\/product"}],"replies":[{"embeddable":true,"href":"https:\/\/puuhamari.fi\/index.php?rest_route=%2Fwp%2Fv2%2Fcomments&post=7416"}],"version-history":[{"count":4,"href":"https:\/\/puuhamari.fi\/index.php?rest_route=\/wp\/v2\/product\/7416\/revisions"}],"predecessor-version":[{"id":8334,"href":"https:\/\/puuhamari.fi\/index.php?rest_route=\/wp\/v2\/product\/7416\/revisions\/8334"}],"wp:featuredmedia":[{"embeddable":true,"href":"https:\/\/puuhamari.fi\/index.php?rest_route=\/wp\/v2\/media\/7421"}],"wp:attachment":[{"href":"https:\/\/puuhamari.fi\/index.php?rest_route=%2Fwp%2Fv2%2Fmedia&parent=7416"}],"wp:term":[{"taxonomy":"product_brand","embeddable":true,"href":"https:\/\/puuhamari.fi\/index.php?rest_route=%2Fwp%2Fv2%2Fproduct_brand&post=7416"},{"taxonomy":"product_cat","embeddable":true,"href":"https:\/\/puuhamari.fi\/index.php?rest_route=%2Fwp%2Fv2%2Fproduct_cat&post=7416"},{"taxonomy":"product_tag","embeddable":true,"href":"https:\/\/puuhamari.fi\/index.php?rest_route=%2Fwp%2Fv2%2Fproduct_tag&post=7416"}],"curies":[{"name":"wp","href":"https:\/\/api.w.org\/{rel}","templated":true}]}}