{"id":8916,"date":"2024-09-12T19:14:04","date_gmt":"2024-09-12T16:14:04","guid":{"rendered":"https:\/\/puuhamari.fi\/?post_type=product&#038;p=8916"},"modified":"2025-09-05T04:24:56","modified_gmt":"2025-09-05T01:24:56","slug":"alkeiskurssi-kalustemaalaus","status":"publish","type":"product","link":"https:\/\/puuhamari.fi\/?product=alkeiskurssi-kalustemaalaus","title":{"rendered":"Alkeiskurssi &#8211; kalustemaalaus"},"content":{"rendered":"","protected":false},"excerpt":{"rendered":"<p><strong style=\"color: #709979; font-family: var(--global-body-font-family);\">Seuraavan alkeiskurssin ajankohta:<\/strong><strong><span style=\"color: #709979; font-family: var(--global-body-font-family);\"> Tiedustelut PuuhaMarilta nrosta 050-541 6919.<\/span><\/strong><\/p>\n<p>Paikka: PuuhaMarin Putiikki, Pori<br \/>\nKesto: n. 2 h\/pv\u00e4 (la+su), yhteens\u00e4 n. 4 h<br \/>\nRyhm\u00e4koko: max. 4 henke\u00e4<\/p>\n<p>Tuo mukanasi jokin pieni kaluste <em>(esim. jakkara, y\u00f6p\u00f6yt\u00e4, CD-hyllykk\u00f6)<\/em>, jonka tuunaat viikonlopun aikana. Se saa olla mit\u00e4 tahansa materiaalia; puuta, kalustelevy\u00e4, metallia tai jopa muovia. Sen pinta voi olla lakattu tai maalattu, mutta huomaa ett\u00e4 emme k\u00e4yt\u00e4 kurssilla aikaa vanhan pinnan poistamiseen. Sen sijaan karhennamme sit\u00e4 hieman, ja laitamme uuden maalipinnan sen p\u00e4\u00e4lle. K\u00e4yt\u00e4mme tuunausty\u00f6ss\u00e4 p\u00e4\u00e4asiassa Fusion Mineral Paint -tuotteita.<\/p>\n<p><strong><span style=\"text-decoration: underline;\">Valittavanasi on kaksi eri sis\u00e4lt\u00f6vaihtoehtoa:<\/span><\/strong><\/p>\n<p>1) PELKK\u00c4 OPETUS<br \/>\nT\u00e4ll\u00f6in tuot mukanasi omat tarvikkeet <em>(hiekkapaperit, pensselit sek\u00e4 Fusion mineraalimaalin)<\/em>.<br \/>\n2) OPETUS + KAIKKI TARVIKKEET<br \/>\nHintaan sis\u00e4ltyv\u00e4t kaikki tarvitsemasi hionta- ja maalaustarvikkeet, ja saat valita Putiikin hyllyst\u00e4 haluamasi maalis\u00e4vyn. Saat ne kaikki omaksesi, joten viikonlopun p\u00e4\u00e4tteeksi sinulla on kotiinviemisin\u00e4 mm. kunnollinen laatupensseli &amp; viel\u00e4 runsaasti riittoisaa mineraalimaalia!<\/p>\n<p><strong><span style=\"text-decoration: underline;\">Muista pukeutua maaliroiskeiden varalle <em>(my\u00f6s keng\u00e4t tai sukat)<\/em><em>!\u00a0<\/em><\/span><\/strong><br \/>\nPutiikilta saat lainaksi esiliinan.<\/p>\n<p>&nbsp;<\/p>\n","protected":false},"author":1,"featured_media":8909,"comment_status":"open","ping_status":"closed","template":"","meta":{"advgb_blocks_editor_width":"","advgb_blocks_columns_visual_guide":"","advanced_seo_description":"","jetpack_seo_html_title":"","jetpack_seo_noindex":false,"_kad_post_transparent":"default","_kad_post_title":"","_kad_post_layout":"default","_kad_post_sidebar_id":"","_kad_post_content_style":"default","_kad_post_vertical_padding":"default","_kad_post_feature":"","_kad_post_feature_position":"","_kad_post_header":false,"_kad_post_footer":false,"_kad_post_classname":"","jetpack_post_was_ever_published":false},"product_brand":[],"product_cat":[255],"product_tag":[1208,1061,1210,1274,928,1209,257,1406,540],"class_list":{"0":"post-8916","1":"product","2":"type-product","3":"status-publish","4":"has-post-thumbnail","6":"product_cat-verstas-kurssit-ja-luennot","7":"product_tag-alkeiskurssi","8":"product_tag-kalustemaalaus","9":"product_tag-kalustemaalauskurssi","10":"product_tag-kalustemaali","11":"product_tag-kalustetuunaus","12":"product_tag-kalustetuunauskurssi","13":"product_tag-kurssi","14":"product_tag-maalaa","15":"product_tag-tuunaus","17":"first","18":"instock","19":"taxable","20":"shipping-taxable","21":"purchasable","22":"product-type-variable","23":"entry","24":"content-bg","25":"loop-entry"},"featured_img":"https:\/\/puuhamari.fi\/wp-content\/uploads\/2024\/09\/Alkeiskurssi.png","coauthors":[],"author_meta":{"author_link":"https:\/\/puuhamari.fi\/?author=1","display_name":"PuuhaMari"},"relative_dates":{"created":"Julkaistu 2 vuotta sitten","modified":"P\u00e4ivitetty 8 kuukautta sitten"},"absolute_dates":{"created":"Julkaistu 12 syyskuun, 2024","modified":"P\u00e4ivitetty 5 syyskuun, 2025"},"absolute_dates_time":{"created":"Julkaistu 12 syyskuun, 2024 7:14 pm","modified":"P\u00e4ivitetty 5 syyskuun, 2025 4:24 am"},"featured_img_caption":"","tax_additional":{"product_brand":{"linked":[],"unlinked":[],"slug":"product_brand","name":"Br\u00e4ndit"},"product_type":{"linked":["<a href=\"https:\/\/puuhamari.fi\/?taxonomy=product_type&#038;term=variable\" class=\"advgb-post-tax-term\">variable<\/a>"],"unlinked":["<span class=\"advgb-post-tax-term\">variable<\/span>"],"slug":"product_type","name":"Tuotetyyppi"},"product_visibility":{"linked":[],"unlinked":[],"slug":"product_visibility","name":"Tuotteen n\u00e4kyvyys"},"product_cat":{"linked":["<a href=\"https:\/\/puuhamari.fi\/?product_cat=verstas-kurssit-ja-luennot\" class=\"advgb-post-tax-term\">Verstas, kurssit ja luennot<\/a>"],"unlinked":["<span class=\"advgb-post-tax-term\">Verstas, kurssit ja luennot<\/span>"],"slug":"product_cat","name":"Osastot"},"product_tag":{"linked":["<a href=\"https:\/\/puuhamari.fi\/?product_tag=alkeiskurssi\" class=\"advgb-post-tax-term\">Alkeiskurssi<\/a>","<a href=\"https:\/\/puuhamari.fi\/?product_tag=kalustemaalaus\" class=\"advgb-post-tax-term\">Kalustemaalaus<\/a>","<a href=\"https:\/\/puuhamari.fi\/?product_tag=kalustemaalauskurssi\" class=\"advgb-post-tax-term\">Kalustemaalauskurssi<\/a>","<a href=\"https:\/\/puuhamari.fi\/?product_tag=kalustemaali\" class=\"advgb-post-tax-term\">kalustemaali<\/a>","<a href=\"https:\/\/puuhamari.fi\/?product_tag=kalustetuunaus\" class=\"advgb-post-tax-term\">kalustetuunaus<\/a>","<a href=\"https:\/\/puuhamari.fi\/?product_tag=kalustetuunauskurssi\" class=\"advgb-post-tax-term\">Kalustetuunauskurssi<\/a>","<a href=\"https:\/\/puuhamari.fi\/?product_tag=kurssi\" class=\"advgb-post-tax-term\">Kurssi<\/a>","<a href=\"https:\/\/puuhamari.fi\/?product_tag=maalaa\" class=\"advgb-post-tax-term\">maalaa<\/a>","<a href=\"https:\/\/puuhamari.fi\/?product_tag=tuunaus\" class=\"advgb-post-tax-term\">Tuunaus<\/a>"],"unlinked":["<span class=\"advgb-post-tax-term\">Alkeiskurssi<\/span>","<span class=\"advgb-post-tax-term\">Kalustemaalaus<\/span>","<span class=\"advgb-post-tax-term\">Kalustemaalauskurssi<\/span>","<span class=\"advgb-post-tax-term\">kalustemaali<\/span>","<span class=\"advgb-post-tax-term\">kalustetuunaus<\/span>","<span class=\"advgb-post-tax-term\">Kalustetuunauskurssi<\/span>","<span class=\"advgb-post-tax-term\">Kurssi<\/span>","<span class=\"advgb-post-tax-term\">maalaa<\/span>","<span class=\"advgb-post-tax-term\">Tuunaus<\/span>"],"slug":"product_tag","name":"Avainsanat tuotteelle"},"product_shipping_class":{"linked":[],"unlinked":[],"slug":"product_shipping_class","name":"Tuotteen toimitusluokat"},"pos_product_visibility":{"linked":[],"unlinked":[],"slug":"pos_product_visibility","name":"POS Product visibility"},"pa_arkin-koko":{"linked":[],"unlinked":[],"slug":"pa_arkin-koko","name":"Tuote Arkin koko"},"pa_hiomatyynyn-karkeus":{"linked":[],"unlinked":[],"slug":"pa_hiomatyynyn-karkeus","name":"Tuote Hiomatyynyn karkeus"},"pa_kehys":{"linked":[],"unlinked":[],"slug":"pa_kehys","name":"Tuote Kehys"},"pa_kuvion-nro":{"linked":[],"unlinked":[],"slug":"pa_kuvion-nro","name":"Tuote Kuvion nro"},"pa_littean-pensselin-koko":{"linked":[],"unlinked":[],"slug":"pa_littean-pensselin-koko","name":"Tuote Litte\u00e4n pensselin koko"},"pa_maalivari":{"linked":[],"unlinked":[],"slug":"pa_maalivari","name":"Tuote Maaliv\u00e4ri"},"pa_palatapettien-lkm":{"linked":[],"unlinked":[],"slug":"pa_palatapettien-lkm","name":"Tuote Palatapettien lkm"},"pa_purkin-koko":{"linked":[],"unlinked":[],"slug":"pa_purkin-koko","name":"Tuote Purkin koko"},"pa_sapluunan-koko":{"linked":[],"unlinked":[],"slug":"pa_sapluunan-koko","name":"Tuote Sapluunan koko"},"pa_tabletti":{"linked":[],"unlinked":[],"slug":"pa_tabletti","name":"Tuote Tabletti"},"pa_valitse-sisalto":{"linked":["<a href=\"https:\/\/puuhamari.fi\/?taxonomy=pa_valitse-sisalto&#038;term=opetus-kaikki-tarvikkeet\" class=\"advgb-post-tax-term\">Opetus + kaikki tarvikkeet<\/a>","<a href=\"https:\/\/puuhamari.fi\/?taxonomy=pa_valitse-sisalto&#038;term=pelkka-opetus-omat-tarvikkeet-mukana\" class=\"advgb-post-tax-term\">Pelkk\u00e4 opetus (omat tarvikkeet mukana)<\/a>"],"unlinked":["<span class=\"advgb-post-tax-term\">Opetus + kaikki tarvikkeet<\/span>","<span class=\"advgb-post-tax-term\">Pelkk\u00e4 opetus (omat tarvikkeet mukana)<\/span>"],"slug":"pa_valitse-sisalto","name":"Tuote Valitse sis\u00e4lt\u00f6"},"pa_varjostin":{"linked":[],"unlinked":[],"slug":"pa_varjostin","name":"Tuote Varjostin"}},"series_order":"","jetpack_sharing_enabled":true,"jetpack_likes_enabled":true,"jetpack-related-posts":[{"id":10004,"url":"https:\/\/puuhamari.fi\/?product=ultra-guard-matta-viimeistelyaine","url_meta":{"origin":8916,"position":0},"title":"Ultra Guard &#8211; SUPERMATTA viimeistelyaine","author":"PuuhaMari","date":"14 elokuun, 2025","format":false,"excerpt":"Ultra Guard = tummien s\u00e4vyjen paras yst\u00e4v\u00e4! T\u00e4ll\u00e4 sivulla SUPERMATTA -versio. Jos haluat Ultra Guard SATIINI -kiiltoastetta, hanki sit\u00e4 t\u00e4\u00e4lt\u00e4. Purkin koko: 473 ml.\u00a0 Purkin riittoisuus: 6m\u00b2. Ei sovellu ulkokalusteiden viimeistelyyn; k\u00e4yt\u00e4 niiss\u00e4 Fusionin Tough Coat:ia (matta tai kiilt\u00e4v\u00e4). Fusion Mineral Paint on kehitt\u00e4nyt t\u00e4m\u00e4n viimeistelyaineen aivan erityinen haaste mieless\u00e4\u00e4n:\u2026","rel":"","context":"Samankaltainen artikkeli","block_context":{"text":"Samankaltainen artikkeli","link":""},"img":{"alt_text":"","src":"https:\/\/i0.wp.com\/puuhamari.fi\/wp-content\/uploads\/2025\/08\/Ultra-Guard-FlatPoly-437mLCAN-b.jpg?fit=1200%2C1200&ssl=1&resize=350%2C200","width":350,"height":200,"srcset":"https:\/\/i0.wp.com\/puuhamari.fi\/wp-content\/uploads\/2025\/08\/Ultra-Guard-FlatPoly-437mLCAN-b.jpg?fit=1200%2C1200&ssl=1&resize=350%2C200 1x, https:\/\/i0.wp.com\/puuhamari.fi\/wp-content\/uploads\/2025\/08\/Ultra-Guard-FlatPoly-437mLCAN-b.jpg?fit=1200%2C1200&ssl=1&resize=525%2C300 1.5x, https:\/\/i0.wp.com\/puuhamari.fi\/wp-content\/uploads\/2025\/08\/Ultra-Guard-FlatPoly-437mLCAN-b.jpg?fit=1200%2C1200&ssl=1&resize=700%2C400 2x, https:\/\/i0.wp.com\/puuhamari.fi\/wp-content\/uploads\/2025\/08\/Ultra-Guard-FlatPoly-437mLCAN-b.jpg?fit=1200%2C1200&ssl=1&resize=1050%2C600 3x"},"classes":[]},{"id":10188,"url":"https:\/\/puuhamari.fi\/?product=ultra-guard-satiini-viimeistelyaine","url_meta":{"origin":8916,"position":1},"title":"Ultra Guard &#8211; SATIINI viimeistelyaine","author":"PuuhaMari","date":"15 syyskuun, 2025","format":false,"excerpt":"Ultra Guard = tummien s\u00e4vyjen paras yst\u00e4v\u00e4! T\u00e4ll\u00e4 sivulla SATIINI -kiiltoversio. Jos haluat Ultra Guardisi SUPERMATTANA, hanki sit\u00e4 t\u00e4\u00e4lt\u00e4. Purkin koko: 473 ml.\u00a0 Purkin riittoisuus: 6m\u00b2. Ei sovellu ulkokalusteiden viimeistelyyn; k\u00e4yt\u00e4 niiss\u00e4 Fusionin Tough Coat:ia (matta tai kiilt\u00e4v\u00e4). Fusion Mineral Paint on kehitt\u00e4nyt t\u00e4m\u00e4n viimeistelyaineen aivan erityinen haaste mieless\u00e4\u00e4n: tummien\u2026","rel":"","context":"Samankaltainen artikkeli","block_context":{"text":"Samankaltainen artikkeli","link":""},"img":{"alt_text":"","src":"https:\/\/i0.wp.com\/puuhamari.fi\/wp-content\/uploads\/2025\/09\/Ultra-Guard-SatinPoly-437mLCAN-b.jpg?fit=1200%2C1200&ssl=1&resize=350%2C200","width":350,"height":200,"srcset":"https:\/\/i0.wp.com\/puuhamari.fi\/wp-content\/uploads\/2025\/09\/Ultra-Guard-SatinPoly-437mLCAN-b.jpg?fit=1200%2C1200&ssl=1&resize=350%2C200 1x, https:\/\/i0.wp.com\/puuhamari.fi\/wp-content\/uploads\/2025\/09\/Ultra-Guard-SatinPoly-437mLCAN-b.jpg?fit=1200%2C1200&ssl=1&resize=525%2C300 1.5x, https:\/\/i0.wp.com\/puuhamari.fi\/wp-content\/uploads\/2025\/09\/Ultra-Guard-SatinPoly-437mLCAN-b.jpg?fit=1200%2C1200&ssl=1&resize=700%2C400 2x, https:\/\/i0.wp.com\/puuhamari.fi\/wp-content\/uploads\/2025\/09\/Ultra-Guard-SatinPoly-437mLCAN-b.jpg?fit=1200%2C1200&ssl=1&resize=1050%2C600 3x"},"classes":[]},{"id":10123,"url":"https:\/\/puuhamari.fi\/?product=alkeiskurssi-siirtokuvat","url_meta":{"origin":8916,"position":2},"title":"Alkeiskurssi &#8211; siirtokuvat","author":"PuuhaMari","date":"5 syyskuun, 2025","format":false,"excerpt":"Seuraavan alkeiskurssin ajankohta: Tiedustelut PuuhaMarilta nrosta 050-541 6919. Paikka: PuuhaMarin Putiikki, Pori Kesto: 1,5 - 2 h Ryhm\u00e4koko:\u00a0 max. 6 osallistujaa Tuo mukanasi jokin pieni kaluste (esim. jakkara, y\u00f6p\u00f6yt\u00e4, CD-hyllykk\u00f6), jonka haluat tuunata siirtokuvalla\/-kuvilla. Se saa olla mit\u00e4 tahansa materiaalia; puuta, kalustelevy\u00e4, metallia tai jopa muovia. Halutessasi voit toki my\u00f6s\u2026","rel":"","context":"Samankaltainen artikkeli","block_context":{"text":"Samankaltainen artikkeli","link":""},"img":{"alt_text":"","src":"https:\/\/i0.wp.com\/puuhamari.fi\/wp-content\/uploads\/2025\/09\/Siirtokuvakurssi.png?fit=1080%2C1080&ssl=1&resize=350%2C200","width":350,"height":200,"srcset":"https:\/\/i0.wp.com\/puuhamari.fi\/wp-content\/uploads\/2025\/09\/Siirtokuvakurssi.png?fit=1080%2C1080&ssl=1&resize=350%2C200 1x, https:\/\/i0.wp.com\/puuhamari.fi\/wp-content\/uploads\/2025\/09\/Siirtokuvakurssi.png?fit=1080%2C1080&ssl=1&resize=525%2C300 1.5x, https:\/\/i0.wp.com\/puuhamari.fi\/wp-content\/uploads\/2025\/09\/Siirtokuvakurssi.png?fit=1080%2C1080&ssl=1&resize=700%2C400 2x, https:\/\/i0.wp.com\/puuhamari.fi\/wp-content\/uploads\/2025\/09\/Siirtokuvakurssi.png?fit=1080%2C1080&ssl=1&resize=1050%2C600 3x"},"classes":[]},{"id":5264,"url":"https:\/\/puuhamari.fi\/?product=extender-maalin-avoinnaolon-pidentaja","url_meta":{"origin":8916,"position":3},"title":"Extender &#8211; maalin avoinnaolon pident\u00e4j\u00e4","author":"PuuhaMari","date":"18 maaliskuun, 2023","format":false,"excerpt":"Tied\u00e4th\u00e4n silm\u00e4tipat, jotka kosteuttavat ja liukastavat silmi\u00e4? Extender on \"silm\u00e4tippoja maalillesi.\" Kun haluat pident\u00e4\u00e4 maalin nk. avoinnaoloaikaa (eli aikaa jonka sis\u00e4ll\u00e4 maali on kostean notkeaa, ja tottelee pensselin ohjausta). Kun tarvitset apua siveltimenj\u00e4lkien minimoimisessa. Esim. runsaasti Mica-pigmenttej\u00e4 sis\u00e4lt\u00e4vien metallimaalien kanssa. Kuiva ja\/tai l\u00e4mmin maalausilma saattaa j\u00e4ykist\u00e4\u00e4 maalin liian nopeasti, mutta\u2026","rel":"","context":"Samankaltainen artikkeli","block_context":{"text":"Samankaltainen artikkeli","link":""},"img":{"alt_text":"","src":"https:\/\/i0.wp.com\/puuhamari.fi\/wp-content\/uploads\/2023\/03\/Extender-White-HiRes-B.jpg?fit=1200%2C1200&ssl=1&resize=350%2C200","width":350,"height":200,"srcset":"https:\/\/i0.wp.com\/puuhamari.fi\/wp-content\/uploads\/2023\/03\/Extender-White-HiRes-B.jpg?fit=1200%2C1200&ssl=1&resize=350%2C200 1x, https:\/\/i0.wp.com\/puuhamari.fi\/wp-content\/uploads\/2023\/03\/Extender-White-HiRes-B.jpg?fit=1200%2C1200&ssl=1&resize=525%2C300 1.5x, https:\/\/i0.wp.com\/puuhamari.fi\/wp-content\/uploads\/2023\/03\/Extender-White-HiRes-B.jpg?fit=1200%2C1200&ssl=1&resize=700%2C400 2x, https:\/\/i0.wp.com\/puuhamari.fi\/wp-content\/uploads\/2023\/03\/Extender-White-HiRes-B.jpg?fit=1200%2C1200&ssl=1&resize=1050%2C600 3x"},"classes":[]},{"id":10898,"url":"https:\/\/puuhamari.fi\/?product=4-kpleen-chromaflex-setti","url_meta":{"origin":8916,"position":4},"title":"4 kpl:een Chromaflex setti","author":"PuuhaMari","date":"27 maaliskuun, 2026","format":false,"excerpt":"Tilaukset tullaan toimittamaan asiakkaille - tilausj\u00e4rjestyksess\u00e4 - toukokuun puoliv\u00e4list\u00e4 alkaen. Huom: T\u00e4m\u00e4 purkki sis\u00e4lt\u00e4\u00e4 yhden pikkutuubin\u00a0 (22 ml) jokaisesta nelj\u00e4st\u00e4 v\u00e4rist\u00e4. Yhteens\u00e4 siis 88 ml. PuuhaMarilla on Chromaflex-helmi\u00e4ispinnoitteita tarjolla my\u00f6s yksitt\u00e4isiss\u00e4 60 ml:n tuubeissa. Chromaflex muuttaa tavallisen poikkeukselliseksi. Valitset vain suosikkiv\u00e4risi, ja saat nostettua n\u00e4ytt\u00e4v\u00e4t kalusteet, sisustuselementit, taideteokset ja luovat\u2026","rel":"","context":"Samankaltainen artikkeli","block_context":{"text":"Samankaltainen artikkeli","link":""},"img":{"alt_text":"","src":"https:\/\/i0.wp.com\/puuhamari.fi\/wp-content\/uploads\/2026\/03\/ChromaflexContainerGroupig11.jpg?fit=1080%2C1080&ssl=1&resize=350%2C200","width":350,"height":200,"srcset":"https:\/\/i0.wp.com\/puuhamari.fi\/wp-content\/uploads\/2026\/03\/ChromaflexContainerGroupig11.jpg?fit=1080%2C1080&ssl=1&resize=350%2C200 1x, https:\/\/i0.wp.com\/puuhamari.fi\/wp-content\/uploads\/2026\/03\/ChromaflexContainerGroupig11.jpg?fit=1080%2C1080&ssl=1&resize=525%2C300 1.5x, https:\/\/i0.wp.com\/puuhamari.fi\/wp-content\/uploads\/2026\/03\/ChromaflexContainerGroupig11.jpg?fit=1080%2C1080&ssl=1&resize=700%2C400 2x, https:\/\/i0.wp.com\/puuhamari.fi\/wp-content\/uploads\/2026\/03\/ChromaflexContainerGroupig11.jpg?fit=1080%2C1080&ssl=1&resize=1050%2C600 3x"},"classes":[]},{"id":3344,"url":"https:\/\/puuhamari.fi\/?product=leicester-esiliisteroity-palatapetti-yksittain","url_meta":{"origin":8916,"position":5},"title":"&#8220;Leicester&#8221; esiliister\u00f6ity palatapetti (yksitt\u00e4in)","author":"PuuhaMari","date":"13 toukokuun, 2022","format":false,"excerpt":"Alunperin leimasimilla painettavaksi suunniteltu (J. H. Dearle) tapettikuosi vuodelta 1912. \"Leicester\" her\u00e4tt\u00e4\u00e4 uudelleen henkiin keskiaikaisten, k\u00e4sin kirjoitettujen kirjojen upean kuvankoristeluperinteen. Kiitos siit\u00e4 kuuluu viktoriaanisen ajan (1837-1901) englantilaisille designereille (Morris & Co), joita gotiikan ajan j\u00e4lleenkukoistus suuresti inspiroi. Nyt se on PastedPaper:in ja lontoolaisen Victoria & Albert -museon yhteisty\u00f6n tuloksena saatavissa\u2026","rel":"","context":"With 1 comment","block_context":{"text":"With 1 comment","link":"https:\/\/puuhamari.fi\/?product=leicester-esiliisteroity-palatapetti-yksittain#comments"},"img":{"alt_text":"","src":"https:\/\/i0.wp.com\/puuhamari.fi\/wp-content\/uploads\/2022\/05\/VA-Morris-Leicester-YKSI-b.jpg?fit=1092%2C1034&ssl=1&resize=350%2C200","width":350,"height":200,"srcset":"https:\/\/i0.wp.com\/puuhamari.fi\/wp-content\/uploads\/2022\/05\/VA-Morris-Leicester-YKSI-b.jpg?fit=1092%2C1034&ssl=1&resize=350%2C200 1x, https:\/\/i0.wp.com\/puuhamari.fi\/wp-content\/uploads\/2022\/05\/VA-Morris-Leicester-YKSI-b.jpg?fit=1092%2C1034&ssl=1&resize=525%2C300 1.5x, https:\/\/i0.wp.com\/puuhamari.fi\/wp-content\/uploads\/2022\/05\/VA-Morris-Leicester-YKSI-b.jpg?fit=1092%2C1034&ssl=1&resize=700%2C400 2x, https:\/\/i0.wp.com\/puuhamari.fi\/wp-content\/uploads\/2022\/05\/VA-Morris-Leicester-YKSI-b.jpg?fit=1092%2C1034&ssl=1&resize=1050%2C600 3x"},"classes":[]}],"_links":{"self":[{"href":"https:\/\/puuhamari.fi\/index.php?rest_route=\/wp\/v2\/product\/8916","targetHints":{"allow":["GET"]}}],"collection":[{"href":"https:\/\/puuhamari.fi\/index.php?rest_route=\/wp\/v2\/product"}],"about":[{"href":"https:\/\/puuhamari.fi\/index.php?rest_route=\/wp\/v2\/types\/product"}],"replies":[{"embeddable":true,"href":"https:\/\/puuhamari.fi\/index.php?rest_route=%2Fwp%2Fv2%2Fcomments&post=8916"}],"version-history":[{"count":5,"href":"https:\/\/puuhamari.fi\/index.php?rest_route=\/wp\/v2\/product\/8916\/revisions"}],"predecessor-version":[{"id":10128,"href":"https:\/\/puuhamari.fi\/index.php?rest_route=\/wp\/v2\/product\/8916\/revisions\/10128"}],"wp:featuredmedia":[{"embeddable":true,"href":"https:\/\/puuhamari.fi\/index.php?rest_route=\/wp\/v2\/media\/8909"}],"wp:attachment":[{"href":"https:\/\/puuhamari.fi\/index.php?rest_route=%2Fwp%2Fv2%2Fmedia&parent=8916"}],"wp:term":[{"taxonomy":"product_brand","embeddable":true,"href":"https:\/\/puuhamari.fi\/index.php?rest_route=%2Fwp%2Fv2%2Fproduct_brand&post=8916"},{"taxonomy":"product_cat","embeddable":true,"href":"https:\/\/puuhamari.fi\/index.php?rest_route=%2Fwp%2Fv2%2Fproduct_cat&post=8916"},{"taxonomy":"product_tag","embeddable":true,"href":"https:\/\/puuhamari.fi\/index.php?rest_route=%2Fwp%2Fv2%2Fproduct_tag&post=8916"}],"curies":[{"name":"wp","href":"https:\/\/api.w.org\/{rel}","templated":true}]}}